Last updated on 2025-11-16 04:48:27 CET.
| Flavor | Version | Tinstall | Tcheck | Ttotal | Status | Flags |
|---|---|---|---|---|---|---|
| r-devel-linux-x86_64-debian-clang | 2.0.4 | 74.79 | 80.76 | 155.55 | OK | |
| r-devel-linux-x86_64-debian-gcc | 2.0.4 | 60.89 | 70.09 | 130.98 | OK | |
| r-devel-linux-x86_64-fedora-clang | 2.0.4 | 127.00 | 121.76 | 248.76 | OK | |
| r-devel-linux-x86_64-fedora-gcc | 2.0.4 | 197.00 | 86.73 | 283.73 | OK | |
| r-devel-windows-x86_64 | 2.0.4 | 85.00 | 112.00 | 197.00 | OK | |
| r-patched-linux-x86_64 | 2.0.4 | 87.47 | 91.21 | 178.68 | OK | |
| r-release-linux-x86_64 | 2.0.4 | 88.30 | 88.20 | 176.50 | OK | |
| r-release-macos-arm64 | 2.0.4 | 32.00 | 46.00 | 78.00 | OK | |
| r-release-macos-x86_64 | 2.0.4 | 57.00 | 70.00 | 127.00 | OK | |
| r-release-windows-x86_64 | 2.0.4 | 81.00 | 111.00 | 192.00 | OK | |
| r-oldrel-macos-arm64 | 2.0.4 | 33.00 | 37.00 | 70.00 | NOTE | |
| r-oldrel-macos-x86_64 | 2.0.4 | 45.00 | 53.00 | 98.00 | NOTE | |
| r-oldrel-windows-x86_64 | 2.0.4 | 97.00 | 144.00 | 241.00 | OK |
Version: 2.0.4
Check: installed package size
Result: NOTE
installed size is 31.1Mb
sub-directories of 1Mb or more:
libs 30.1Mb
Flavors: r-oldrel-macos-arm64, r-oldrel-macos-x86_64