CRAN Package Check Results for Package Bergm

Last updated on 2025-11-16 04:48:27 CET.

Flavor Version Tinstall Tcheck Ttotal Status Flags
r-devel-linux-x86_64-debian-clang 5.0.7 11.32 86.45 97.77 NOTE
r-devel-linux-x86_64-debian-gcc 5.0.7 8.39 62.53 70.92 NOTE
r-devel-linux-x86_64-fedora-clang 5.0.7 26.00 126.08 152.08 OK
r-devel-linux-x86_64-fedora-gcc 5.0.7 28.00 118.29 146.29 OK
r-devel-windows-x86_64 5.0.7 15.00 90.00 105.00 OK
r-patched-linux-x86_64 5.0.7 10.57 82.46 93.03 OK
r-release-linux-x86_64 5.0.7 11.43 82.89 94.32 OK
r-release-macos-arm64 5.0.7 6.00 42.00 48.00 OK
r-release-macos-x86_64 5.0.7 11.00 98.00 109.00 OK
r-release-windows-x86_64 5.0.7 13.00 88.00 101.00 OK
r-oldrel-macos-arm64 5.0.7 5.00 39.00 44.00 OK
r-oldrel-macos-x86_64 5.0.7 10.00 66.00 76.00 OK
r-oldrel-windows-x86_64 5.0.7 18.00 113.00 131.00 OK

Check Details

Version: 5.0.7
Check: CRAN incoming feasibility
Result: NOTE Maintainer: ‘Alberto Caimo <alberto.caimo1@ucd.ie>’ No Authors@R field in DESCRIPTION. Please add one, modifying Authors@R: c(person(given = "Alberto", family = "Caimo", role = c("aut", "cre"), email = "alberto.caimo1@ucd.ie"), person(given = "Lampros", family = "Bouranis", role = "aut"), person(given = "Robert", family = "Krause", role = "ctb")) as necessary. Flavors: r-devel-linux-x86_64-debian-clang, r-devel-linux-x86_64-debian-gcc