Last updated on 2025-11-16 04:48:28 CET.
| Flavor | Version | Tinstall | Tcheck | Ttotal | Status | Flags |
|---|---|---|---|---|---|---|
| r-devel-linux-x86_64-debian-clang | 0.1 | 45.65 | 214.34 | 259.99 | OK | |
| r-devel-linux-x86_64-debian-gcc | 0.1 | 36.93 | 135.00 | 171.93 | OK | |
| r-devel-linux-x86_64-fedora-clang | 0.1 | 104.00 | 325.09 | 429.09 | NOTE | |
| r-devel-linux-x86_64-fedora-gcc | 0.1 | 111.00 | 323.28 | 434.28 | NOTE | |
| r-devel-windows-x86_64 | 0.1 | 74.00 | 203.00 | 277.00 | OK | |
| r-patched-linux-x86_64 | 0.1 | 46.28 | 201.94 | 248.22 | OK | |
| r-release-linux-x86_64 | 0.1 | 46.30 | 200.55 | 246.85 | OK | |
| r-release-macos-arm64 | 0.1 | 44.00 | 82.00 | 126.00 | OK | |
| r-release-macos-x86_64 | 0.1 | 67.00 | 229.00 | 296.00 | OK | |
| r-release-windows-x86_64 | 0.1 | 56.00 | 204.00 | 260.00 | OK | |
| r-oldrel-macos-arm64 | 0.1 | 30.00 | 81.00 | 111.00 | NOTE | |
| r-oldrel-macos-x86_64 | 0.1 | 68.00 | 243.00 | 311.00 | NOTE | |
| r-oldrel-windows-x86_64 | 0.1 | 68.00 | 276.00 | 344.00 | NOTE |
Version: 0.1
Check: dependencies in R code
Result: NOTE
Namespace in Imports field not imported from: ‘R6’
All declared Imports should be used.
Flavors: r-devel-linux-x86_64-fedora-clang, r-devel-linux-x86_64-fedora-gcc
Version: 0.1
Check: installed package size
Result: NOTE
installed size is 11.9Mb
sub-directories of 1Mb or more:
data 10.1Mb
Flavors: r-oldrel-macos-arm64, r-oldrel-macos-x86_64, r-oldrel-windows-x86_64