Last updated on 2024-08-25 05:49:16 CEST.
Flavor | Version | Tinstall | Tcheck | Ttotal | Status | Flags |
---|---|---|---|---|---|---|
r-devel-linux-x86_64-debian-clang | 1.0.0 | 40.45 | 343.96 | 384.41 | NOTE | |
r-devel-linux-x86_64-debian-gcc | 1.0.0 | 27.01 | 244.15 | 271.16 | NOTE | |
r-devel-linux-x86_64-fedora-clang | 1.0.0 | 687.78 | OK | |||
r-devel-linux-x86_64-fedora-gcc | 1.0.0 | 628.23 | OK | |||
r-devel-windows-x86_64 | 1.0.0 | 44.00 | 318.00 | 362.00 | NOTE | |
r-patched-linux-x86_64 | 1.0.0 | 38.55 | 321.56 | 360.11 | OK | |
r-release-linux-x86_64 | 1.0.0 | 38.30 | 324.01 | 362.31 | OK | |
r-release-macos-arm64 | 1.0.0 | 5.00 | ERROR | |||
r-release-macos-x86_64 | 1.0.0 | 259.00 | OK | |||
r-release-windows-x86_64 | 1.0.0 | 41.00 | 316.00 | 357.00 | OK | |
r-oldrel-macos-arm64 | 1.0.0 | 187.00 | OK | |||
r-oldrel-macos-x86_64 | 1.0.0 | 12.00 | ERROR | |||
r-oldrel-windows-x86_64 | 1.0.0 | 56.00 | 405.00 | 461.00 | OK |
Version: 1.0.0
Check: Rd cross-references
Result: NOTE
Found the following Rd file(s) with Rd \link{} targets missing package
anchors:
BuildGeneSets.Rd: edgeR, org.Hs.eg.db, org.Mm.eg.db
CAMML.Rd: vamForSeurat
ChIMP.Rd: vamForSeurat
GetGeneSets.Rd: org.Hs.eg.db, org.Mm.eg.db
Please provide package anchors for all Rd \link{} targets not in the
package itself and the base packages.
Flavors: r-devel-linux-x86_64-debian-clang, r-devel-linux-x86_64-debian-gcc, r-devel-windows-x86_64
Version: 1.0.0
Check: package dependencies
Result: ERROR
Packages required but not available: 'org.Dr.eg.db', 'org.Mm.eg.db'
See section ‘The DESCRIPTION file’ in the ‘Writing R Extensions’
manual.
Flavors: r-release-macos-arm64, r-oldrel-macos-x86_64