Last updated on 2024-05-13 05:52:26 CEST.
Flavor | Version | Tinstall | Tcheck | Ttotal | Status | Flags |
---|---|---|---|---|---|---|
r-devel-linux-x86_64-debian-clang | 4.0 | 104.36 | 328.70 | 433.06 | OK | |
r-devel-linux-x86_64-debian-gcc | 4.0 | 78.95 | 228.80 | 307.75 | OK | |
r-devel-linux-x86_64-fedora-clang | 4.0 | 536.31 | OK | |||
r-devel-linux-x86_64-fedora-gcc | 4.0 | 542.64 | OK | |||
r-devel-windows-x86_64 | 4.0 | 78.00 | 242.00 | 320.00 | OK | |
r-patched-linux-x86_64 | 4.0 | 99.92 | 306.38 | 406.30 | OK | |
r-release-linux-x86_64 | 4.0 | 93.57 | 306.73 | 400.30 | OK | |
r-release-macos-arm64 | 4.0 | 133.00 | NOTE | |||
r-release-windows-x86_64 | 4.0 | 78.00 | 245.00 | 323.00 | OK | |
r-oldrel-macos-arm64 | 4.0 | 176.00 | NOTE | |||
r-oldrel-macos-x86_64 | 4.0 | 298.00 | NOTE | |||
r-oldrel-windows-x86_64 | 4.0 | 103.00 | 308.00 | 411.00 | OK |
Version: 4.0
Check: installed package size
Result: NOTE
installed size is 8.1Mb
sub-directories of 1Mb or more:
R 1.0Mb
libs 5.9Mb
Flavors: r-release-macos-arm64, r-oldrel-macos-arm64, r-oldrel-macos-x86_64