Last updated on 2024-08-25 05:49:17 CEST.
Flavor | Version | Tinstall | Tcheck | Ttotal | Status | Flags |
---|---|---|---|---|---|---|
r-devel-linux-x86_64-debian-clang | 0.1.1 | 3.34 | 109.19 | 112.53 | NOTE | |
r-devel-linux-x86_64-debian-gcc | 0.1.1 | 2.09 | 66.38 | 68.47 | NOTE | |
r-devel-linux-x86_64-fedora-clang | 0.1.1 | 185.82 | NOTE | |||
r-devel-linux-x86_64-fedora-gcc | 0.1.1 | 193.66 | NOTE | |||
r-devel-windows-x86_64 | 0.1.1 | 4.00 | 134.00 | 138.00 | NOTE | |
r-patched-linux-x86_64 | 0.1.1 | 3.59 | 101.31 | 104.90 | NOTE | |
r-release-linux-x86_64 | 0.1.1 | 3.22 | 102.55 | 105.77 | NOTE | |
r-release-macos-arm64 | 0.1.1 | 49.00 | NOTE | |||
r-release-macos-x86_64 | 0.1.1 | 86.00 | NOTE | |||
r-release-windows-x86_64 | 0.1.1 | 6.00 | 139.00 | 145.00 | NOTE | |
r-oldrel-macos-arm64 | 0.1.1 | 49.00 | NOTE | |||
r-oldrel-macos-x86_64 | 0.1.1 | 90.00 | NOTE | |||
r-oldrel-windows-x86_64 | 0.1.1 | 5.00 | 148.00 | 153.00 | NOTE |
Version: 0.1.1
Check: LazyData
Result: NOTE
'LazyData' is specified without a 'data' directory
Flavors: r-devel-linux-x86_64-debian-clang, r-devel-linux-x86_64-debian-gcc, r-devel-linux-x86_64-fedora-clang, r-devel-linux-x86_64-fedora-gcc, r-devel-windows-x86_64, r-patched-linux-x86_64, r-release-linux-x86_64, r-release-macos-arm64, r-release-macos-x86_64, r-release-windows-x86_64, r-oldrel-macos-arm64, r-oldrel-macos-x86_64, r-oldrel-windows-x86_64