Last updated on 2025-10-22 05:51:03 CEST.
Flavor | Version | Tinstall | Tcheck | Ttotal | Status | Flags |
---|---|---|---|---|---|---|
r-devel-linux-x86_64-debian-clang | 1.0.3 | 6.35 | 24.55 | 30.90 | NOTE | |
r-devel-linux-x86_64-debian-gcc | 1.0.3 | 4.72 | 19.48 | 24.20 | NOTE | |
r-devel-linux-x86_64-fedora-clang | 1.0.3 | 18.00 | 31.12 | 49.12 | OK | |
r-devel-linux-x86_64-fedora-gcc | 1.0.3 | 16.00 | 29.17 | 45.17 | OK | |
r-devel-windows-x86_64 | 1.0.3 | 10.00 | 46.00 | 56.00 | OK | |
r-patched-linux-x86_64 | 1.0.3 | 6.43 | 22.32 | 28.75 | OK | |
r-release-linux-x86_64 | 1.0.3 | 6.18 | 22.26 | 28.44 | OK | |
r-release-macos-arm64 | 1.0.3 | 3.00 | 15.00 | 18.00 | OK | |
r-release-macos-x86_64 | 1.0.3 | 9.00 | 36.00 | 45.00 | OK | |
r-release-windows-x86_64 | 1.0.3 | 10.00 | 47.00 | 57.00 | OK | |
r-oldrel-macos-arm64 | 1.0.3 | 4.00 | 19.00 | 23.00 | OK | |
r-oldrel-macos-x86_64 | 1.0.3 | 7.00 | 30.00 | 37.00 | OK | |
r-oldrel-windows-x86_64 | 1.0.3 | 13.00 | 54.00 | 67.00 | OK |
Version: 1.0.3
Check: CRAN incoming feasibility
Result: NOTE
Maintainer: ‘Felix Held <felix.held@gmail.com>’
The Description field contains
al. (2014) <arXiv:1312.5921>. The package can also be used to learn
Please refer to arXiv e-prints via their arXiv DOI <doi:10.48550/arXiv.YYMM.NNNNN>.
Flavors: r-devel-linux-x86_64-debian-clang, r-devel-linux-x86_64-debian-gcc