Last updated on 2025-02-22 04:51:08 CET.
Flavor | Version | Tinstall | Tcheck | Ttotal | Status | Flags |
---|---|---|---|---|---|---|
r-devel-linux-x86_64-debian-clang | 3.7.2 | 0.86 | 1.97 | 2.83 | ERROR | |
r-devel-linux-x86_64-debian-gcc | 3.7.2 | 44.06 | 478.14 | 522.20 | OK | |
r-devel-linux-x86_64-fedora-clang | 3.7.2 | 1247.81 | NOTE | |||
r-devel-linux-x86_64-fedora-gcc | 3.7.2 | 1196.79 | NOTE | |||
r-devel-macos-arm64 | 3.7.2 | 246.00 | OK | |||
r-devel-macos-x86_64 | 3.7.2 | 810.00 | OK | |||
r-devel-windows-x86_64 | 3.7.2 | 71.00 | 547.00 | 618.00 | OK | |
r-patched-linux-x86_64 | 3.7.2 | 64.37 | 614.58 | 678.95 | NOTE | |
r-release-linux-x86_64 | 3.7.2 | 63.64 | 605.01 | 668.65 | NOTE | |
r-release-macos-arm64 | 3.7.2 | 332.00 | NOTE | |||
r-release-macos-x86_64 | 3.7.2 | 516.00 | NOTE | |||
r-release-windows-x86_64 | 3.7.2 | 71.00 | 545.00 | 616.00 | NOTE | |
r-oldrel-macos-arm64 | 3.7.2 | 5.00 | ERROR | |||
r-oldrel-macos-x86_64 | 3.7.2 | 539.00 | NOTE | |||
r-oldrel-windows-x86_64 | 3.7.2 | 93.00 | 721.00 | 814.00 | NOTE |
Version: 3.7.2
Check: package dependencies
Result: ERROR
Packages required but not available: 'GenomicInteractions', 'rtracklayer'
Packages suggested but not available for checking:
'HiCseg', 'GenomicFeatures', 'BSgenome.Hsapiens.UCSC.hg19'
See section ‘The DESCRIPTION file’ in the ‘Writing R Extensions’
manual.
Flavor: r-devel-linux-x86_64-debian-clang
Version: 3.7.2
Check: dependencies in R code
Result: NOTE
Namespace in Imports field not imported from: 'Hmisc'
All declared Imports should be used.
Flavors: r-devel-linux-x86_64-fedora-clang, r-devel-linux-x86_64-fedora-gcc
Version: 3.7.2
Check: package dependencies
Result: NOTE
Package suggested but not available for checking: ‘HiCseg’
Flavors: r-patched-linux-x86_64, r-release-linux-x86_64
Version: 3.7.2
Check: package dependencies
Result: NOTE
Package suggested but not available for checking: ‘BSgenome.Hsapiens.UCSC.hg19’
Flavors: r-release-macos-arm64, r-release-macos-x86_64, r-oldrel-macos-x86_64
Version: 3.7.2
Check: installed package size
Result: NOTE
installed size is 5.2Mb
sub-directories of 1Mb or more:
doc 3.2Mb
extdata 1.7Mb
Flavors: r-release-macos-arm64, r-release-macos-x86_64, r-release-windows-x86_64, r-oldrel-macos-x86_64, r-oldrel-windows-x86_64
Version: 3.7.2
Check: package dependencies
Result: ERROR
Package required but not available: ‘GenomicInteractions’
Packages suggested but not available for checking:
'InteractionSet', 'BSgenome.Hsapiens.UCSC.hg19'
See section ‘The DESCRIPTION file’ in the ‘Writing R Extensions’
manual.
Flavor: r-oldrel-macos-arm64