Last updated on 2025-02-21 04:51:43 CET.
Flavor | Version | Tinstall | Tcheck | Ttotal | Status | Flags |
---|---|---|---|---|---|---|
r-devel-linux-x86_64-debian-clang | 1.1.14 | 13.86 | 280.05 | 293.91 | NOTE | |
r-devel-linux-x86_64-debian-gcc | 1.1.14 | 7.66 | 184.09 | 191.75 | NOTE | |
r-devel-linux-x86_64-fedora-clang | 1.1.14 | 507.09 | NOTE | |||
r-devel-linux-x86_64-fedora-gcc | 1.1.14 | 468.87 | NOTE | |||
r-devel-macos-arm64 | 1.1.14 | 140.00 | OK | |||
r-devel-macos-x86_64 | 1.1.14 | 287.00 | NOTE | |||
r-devel-windows-x86_64 | 1.1.14 | 17.00 | 283.00 | 300.00 | NOTE | |
r-patched-linux-x86_64 | 1.1.14 | 15.21 | 260.94 | 276.15 | OK | |
r-release-linux-x86_64 | 1.1.14 | 12.18 | 261.63 | 273.81 | OK | |
r-release-macos-arm64 | 1.1.14 | 138.00 | OK | |||
r-release-macos-x86_64 | 1.1.14 | 198.00 | OK | |||
r-release-windows-x86_64 | 1.1.14 | 16.00 | 279.00 | 295.00 | OK | |
r-oldrel-macos-arm64 | 1.1.14 | 138.00 | OK | |||
r-oldrel-macos-x86_64 | 1.1.14 | 324.00 | OK | |||
r-oldrel-windows-x86_64 | 1.1.14 | 20.00 | 369.00 | 389.00 | OK |
Version: 1.1.14
Check: DESCRIPTION meta-information
Result: NOTE
Missing dependency on R >= 4.1.0 because package code uses the pipe
|> or function shorthand \(...) syntax added in R 4.1.0.
File(s) using such syntax:
‘utils.R’
Flavors: r-devel-linux-x86_64-debian-clang, r-devel-linux-x86_64-debian-gcc, r-devel-linux-x86_64-fedora-clang, r-devel-linux-x86_64-fedora-gcc, r-devel-macos-x86_64, r-devel-windows-x86_64