Last updated on 2024-08-25 05:49:18 CEST.
Flavor | Version | Tinstall | Tcheck | Ttotal | Status | Flags |
---|---|---|---|---|---|---|
r-devel-linux-x86_64-debian-clang | 1.3.0 | 9.57 | 103.75 | 113.32 | NOTE | |
r-devel-linux-x86_64-debian-gcc | 1.3.0 | 5.83 | 74.75 | 80.58 | NOTE | |
r-devel-linux-x86_64-fedora-clang | 1.3.0 | 270.33 | OK | |||
r-devel-linux-x86_64-fedora-gcc | 1.3.0 | 259.76 | OK | |||
r-devel-windows-x86_64 | 1.3.0 | 10.00 | 171.00 | 181.00 | OK | |
r-patched-linux-x86_64 | 1.3.0 | 8.71 | 98.72 | 107.43 | NOTE | |
r-release-linux-x86_64 | 1.3.0 | 6.92 | 99.29 | 106.21 | NOTE | |
r-release-macos-arm64 | 1.3.0 | 68.00 | NOTE | |||
r-release-macos-x86_64 | 1.3.0 | 154.00 | NOTE | |||
r-release-windows-x86_64 | 1.3.0 | 10.00 | 175.00 | 185.00 | OK | |
r-oldrel-macos-arm64 | 1.3.0 | 73.00 | NOTE | |||
r-oldrel-macos-x86_64 | 1.3.0 | 141.00 | NOTE | |||
r-oldrel-windows-x86_64 | 1.3.0 | 13.00 | 149.00 | 162.00 | NOTE |
Version: 1.3.0
Check: package dependencies
Result: NOTE
Package suggested but not available for checking: ‘INLA’
Flavors: r-devel-linux-x86_64-debian-clang, r-devel-linux-x86_64-debian-gcc, r-patched-linux-x86_64, r-release-linux-x86_64, r-release-macos-arm64, r-release-macos-x86_64, r-oldrel-macos-arm64, r-oldrel-macos-x86_64, r-oldrel-windows-x86_64