Last updated on 2025-10-25 05:49:58 CEST.
| Flavor | Version | Tinstall | Tcheck | Ttotal | Status | Flags |
|---|---|---|---|---|---|---|
| r-devel-linux-x86_64-debian-clang | 1.0.0 | 167.43 | 459.00 | 626.43 | OK | |
| r-devel-linux-x86_64-debian-gcc | 1.0.0 | 109.75 | 332.56 | 442.31 | OK | |
| r-devel-linux-x86_64-fedora-clang | 1.0.0 | 1860.00 | -1058.33 | 801.67 | OK | |
| r-devel-linux-x86_64-fedora-gcc | 1.0.0 | 660.00 | 397.14 | 1057.14 | OK | |
| r-devel-windows-x86_64 | 1.0.0 | 180.00 | 383.00 | 563.00 | OK | |
| r-patched-linux-x86_64 | 1.0.0 | 158.93 | 436.21 | 595.14 | OK | |
| r-release-linux-x86_64 | 1.0.0 | 159.96 | 439.65 | 599.61 | OK | |
| r-release-macos-arm64 | 1.0.0 | 65.00 | 173.00 | 238.00 | WARN | |
| r-release-macos-x86_64 | 1.0.0 | 134.00 | 386.00 | 520.00 | WARN | |
| r-release-windows-x86_64 | 1.0.0 | 186.00 | 381.00 | 567.00 | OK | |
| r-oldrel-macos-arm64 | 1.0.0 | 59.00 | 154.00 | 213.00 | WARN | |
| r-oldrel-macos-x86_64 | 1.0.0 | 78.00 | 347.00 | 425.00 | WARN | |
| r-oldrel-windows-x86_64 | 1.0.0 | 222.00 | 799.00 | 1021.00 | OK |
Version: 1.0.0
Check: whether package can be installed
Result: WARN
Found the following significant warnings:
all_functions.cpp:1382:11: warning: explicitly assigning value of variable of type 'arma::vec' (aka 'Col<double>') to itself [-Wself-assign-overloaded]
See ‘/Volumes/Builds/packages/big-sur-arm64/results/4.5/CSeQTL.Rcheck/00install.out’ for details.
* used C++ compiler: ‘Apple clang version 14.0.0 (clang-1400.0.29.202)’
* used SDK: ‘MacOSX11.3.sdk’
Flavor: r-release-macos-arm64
Version: 1.0.0
Check: whether package can be installed
Result: WARN
Found the following significant warnings:
all_functions.cpp:1382:11: warning: explicitly assigning value of variable of type 'arma::vec' (aka 'Col<double>') to itself [-Wself-assign-overloaded]
See ‘/Volumes/Builds/packages/big-sur-x86_64/results/4.5/CSeQTL.Rcheck/00install.out’ for details.
* used C++ compiler: ‘Apple clang version 14.0.3 (clang-1403.0.22.14.1)’
* used SDK: ‘MacOSX11.3.sdk’
Flavor: r-release-macos-x86_64
Version: 1.0.0
Check: whether package can be installed
Result: WARN
Found the following significant warnings:
all_functions.cpp:1382:11: warning: explicitly assigning value of variable of type 'arma::vec' (aka 'Col<double>') to itself [-Wself-assign-overloaded]
See ‘/Volumes/Builds/packages/big-sur-arm64/results/4.4/CSeQTL.Rcheck/00install.out’ for details.
* used C++ compiler: ‘Apple clang version 14.0.0 (clang-1400.0.29.202)’
* used SDK: ‘MacOSX11.3.sdk’
Flavor: r-oldrel-macos-arm64
Version: 1.0.0
Check: installed package size
Result: NOTE
installed size is 10.2Mb
sub-directories of 1Mb or more:
doc 1.2Mb
libs 8.8Mb
Flavors: r-oldrel-macos-arm64, r-oldrel-macos-x86_64
Version: 1.0.0
Check: whether package can be installed
Result: WARN
Found the following significant warnings:
all_functions.cpp:1382:11: warning: explicitly assigning value of variable of type 'arma::vec' (aka 'Col<double>') to itself [-Wself-assign-overloaded]
See ‘/Volumes/Builds/packages/big-sur-x86_64/results/4.4/CSeQTL.Rcheck/00install.out’ for details.
* used C++ compiler: ‘Apple clang version 14.0.3 (clang-1403.0.22.14.1)’
* used SDK: ‘MacOSX11.3.sdk’
Flavor: r-oldrel-macos-x86_64