Last updated on 2025-11-16 04:48:28 CET.
| Flavor | Version | Tinstall | Tcheck | Ttotal | Status | Flags |
|---|---|---|---|---|---|---|
| r-devel-linux-x86_64-debian-clang | 2.3 | 11.84 | 113.19 | 125.03 | OK | |
| r-devel-linux-x86_64-debian-gcc | 2.3 | 8.16 | 84.82 | 92.98 | NOTE | |
| r-devel-linux-x86_64-fedora-clang | 2.3 | 68.00 | 140.22 | 208.22 | OK | |
| r-devel-linux-x86_64-fedora-gcc | 2.3 | 27.00 | 172.02 | 199.02 | OK | |
| r-devel-windows-x86_64 | 2.3 | 15.00 | 115.00 | 130.00 | OK | |
| r-patched-linux-x86_64 | 2.3 | 10.12 | 107.37 | 117.49 | OK | |
| r-release-linux-x86_64 | 2.3 | 11.68 | 106.21 | 117.89 | OK | |
| r-release-macos-arm64 | 2.3 | 6.00 | 67.00 | 73.00 | OK | |
| r-release-macos-x86_64 | 2.3 | 11.00 | 121.00 | 132.00 | OK | |
| r-release-windows-x86_64 | 2.3 | 14.00 | 116.00 | 130.00 | OK | |
| r-oldrel-macos-arm64 | 2.3 | 5.00 | 73.00 | 78.00 | OK | |
| r-oldrel-macos-x86_64 | 2.3 | 12.00 | 111.00 | 123.00 | OK | |
| r-oldrel-windows-x86_64 | 2.3 | 19.00 | 146.00 | 165.00 | OK |
Version: 2.3
Check: CRAN incoming feasibility
Result: NOTE
Maintainer: ‘Frederic Bertrand <frederic.bertrand@lecnam.net>’
The BugReports field in DESCRIPTION has
https://github.com/fbertran/Cascade/issues/
which should likely be
https://github.com/fbertran/Cascade/issues/issues
instead.
Flavor: r-devel-linux-x86_64-debian-gcc