Last updated on 2025-11-16 04:48:28 CET.
| Flavor | Version | Tinstall | Tcheck | Ttotal | Status | Flags |
|---|---|---|---|---|---|---|
| r-devel-linux-x86_64-debian-clang | 0.5.0 | 30.93 | 150.97 | 181.90 | NOTE | |
| r-devel-linux-x86_64-debian-gcc | 0.5.0 | 19.82 | 113.98 | 133.80 | NOTE | |
| r-devel-linux-x86_64-fedora-clang | 0.5.0 | 175.00 | 141.03 | 316.03 | OK | |
| r-devel-linux-x86_64-fedora-gcc | 0.5.0 | 79.00 | 223.58 | 302.58 | OK | |
| r-devel-windows-x86_64 | 0.5.0 | 43.00 | 193.00 | 236.00 | OK | |
| r-patched-linux-x86_64 | 0.5.0 | 29.81 | 139.24 | 169.05 | OK | |
| r-release-linux-x86_64 | 0.5.0 | 28.05 | 139.29 | 167.34 | OK | |
| r-release-macos-arm64 | 0.5.0 | 13.00 | 69.00 | 82.00 | OK | |
| r-release-macos-x86_64 | 0.5.0 | 17.00 | 125.00 | 142.00 | OK | |
| r-release-windows-x86_64 | 0.5.0 | 36.00 | 168.00 | 204.00 | OK | |
| r-oldrel-macos-arm64 | 0.5.0 | 14.00 | 72.00 | 86.00 | OK | |
| r-oldrel-macos-x86_64 | 0.5.0 | 28.00 | 188.00 | 216.00 | OK | |
| r-oldrel-windows-x86_64 | 0.5.0 | 46.00 | 210.00 | 256.00 | OK |
Version: 0.5.0
Check: DESCRIPTION meta-information
Result: NOTE
Author field differs from that derived from Authors@R
Author: ‘Naeem Khoshnevis [aut, cre] (<https://orcid.org/0000-0003-4315-1426>, Kempner), Xiao Wu [aut] (<https://orcid.org/0000-0002-4884-657X>, CUMC), Danielle Braun [aut] (<https://orcid.org/0000-0002-5177-8598>, HSPH)’
Authors@R: ‘Naeem Khoshnevis [aut, cre] (ORCID: <https://orcid.org/0000-0003-4315-1426>, AFFILIATION: Kempner), Xiao Wu [aut] (ORCID: <https://orcid.org/0000-0002-4884-657X>, AFFILIATION: CUMC), Danielle Braun [aut] (ORCID: <https://orcid.org/0000-0002-5177-8598>, AFFILIATION: HSPH)’
Flavors: r-devel-linux-x86_64-debian-clang, r-devel-linux-x86_64-debian-gcc