Last updated on 2024-08-25 05:49:17 CEST.
Flavor | Version | Tinstall | Tcheck | Ttotal | Status | Flags |
---|---|---|---|---|---|---|
r-devel-linux-x86_64-debian-clang | 0.1.1 | 9.37 | 126.42 | 135.79 | NOTE | |
r-devel-linux-x86_64-debian-gcc | 0.1.1 | 7.57 | 86.93 | 94.50 | NOTE | |
r-devel-linux-x86_64-fedora-clang | 0.1.1 | 226.29 | NOTE | |||
r-devel-linux-x86_64-fedora-gcc | 0.1.1 | 220.07 | NOTE | |||
r-devel-windows-x86_64 | 0.1.1 | 12.00 | 123.00 | 135.00 | NOTE | |
r-patched-linux-x86_64 | 0.1.1 | 10.15 | 118.68 | 128.83 | NOTE | |
r-release-linux-x86_64 | 0.1.1 | 8.39 | 119.83 | 128.22 | NOTE | |
r-release-macos-arm64 | 0.1.1 | 65.00 | NOTE | |||
r-release-macos-x86_64 | 0.1.1 | 102.00 | NOTE | |||
r-release-windows-x86_64 | 0.1.1 | 13.00 | 126.00 | 139.00 | NOTE | |
r-oldrel-macos-arm64 | 0.1.1 | 74.00 | OK | |||
r-oldrel-macos-x86_64 | 0.1.1 | 94.00 | OK | |||
r-oldrel-windows-x86_64 | 0.1.1 | 16.00 | 155.00 | 171.00 | OK |
Version: 0.1.1
Check: Rd files
Result: NOTE
checkRd: (-1) as.mbsts.Rd:71: Lost braces; missing escapes or markup?
71 | \item{states.samples}{(\code{niter}- \code{burn}) draws from p(alpha_t | Y_{1:T}).}
| ^
checkRd: (-1) mcmc.Rd:61: Lost braces; missing escapes or markup?
61 | \item{states.samples}{(\code{niter}- \code{burn}) draws from p(alpha_t | Y_{1:T}).}
| ^
Flavors: r-devel-linux-x86_64-debian-clang, r-devel-linux-x86_64-debian-gcc, r-devel-linux-x86_64-fedora-clang, r-devel-linux-x86_64-fedora-gcc, r-devel-windows-x86_64, r-patched-linux-x86_64, r-release-linux-x86_64, r-release-macos-arm64, r-release-macos-x86_64, r-release-windows-x86_64