Last updated on 2025-11-16 04:48:28 CET.
| Flavor | Version | Tinstall | Tcheck | Ttotal | Status | Flags |
|---|---|---|---|---|---|---|
| r-devel-linux-x86_64-debian-clang | 1.4.3 | 169.41 | 202.96 | 372.37 | OK | |
| r-devel-linux-x86_64-debian-gcc | 1.4.3 | 135.81 | 154.81 | 290.62 | OK | |
| r-devel-linux-x86_64-fedora-clang | 1.4.3 | 900.00 | -251.84 | 648.16 | OK | |
| r-devel-linux-x86_64-fedora-gcc | 1.4.3 | 575.00 | 117.57 | 692.57 | OK | |
| r-devel-windows-x86_64 | 1.4.3 | 197.00 | 259.00 | 456.00 | OK | |
| r-patched-linux-x86_64 | 1.4.3 | 199.09 | 207.69 | 406.78 | OK | |
| r-release-linux-x86_64 | 1.4.3 | 188.41 | 206.64 | 395.05 | OK | |
| r-release-macos-arm64 | 1.4.3 | 64.00 | 73.00 | 137.00 | OK | |
| r-release-macos-x86_64 | 1.4.3 | 149.00 | 116.00 | 265.00 | OK | |
| r-release-windows-x86_64 | 1.4.3 | 186.00 | 221.00 | 407.00 | OK | |
| r-oldrel-macos-arm64 | 1.4.3 | 56.00 | 75.00 | 131.00 | NOTE | |
| r-oldrel-macos-x86_64 | 1.4.3 | 132.00 | 128.00 | 260.00 | NOTE | |
| r-oldrel-windows-x86_64 | 1.4.3 | 221.00 | 297.00 | 518.00 | NOTE |
Version: 1.4.3
Check: installed package size
Result: NOTE
installed size is 54.4Mb
sub-directories of 1Mb or more:
libs 53.3Mb
Flavors: r-oldrel-macos-arm64, r-oldrel-macos-x86_64
Version: 1.4.3
Check: for GNU extensions in Makefiles
Result: NOTE
GNU make is a SystemRequirements.
Flavors: r-oldrel-macos-arm64, r-oldrel-macos-x86_64, r-oldrel-windows-x86_64