CRAN Package Check Results for Package CirceR

Last updated on 2025-11-16 04:48:29 CET.

Flavor Version Tinstall Tcheck Ttotal Status Flags
r-devel-linux-x86_64-debian-clang 1.3.3 2.47 38.77 41.24 OK
r-devel-linux-x86_64-debian-gcc 1.3.3 2.11 30.93 33.04 NOTE
r-devel-linux-x86_64-fedora-clang 1.3.3 12.00 56.15 68.15 OK
r-devel-linux-x86_64-fedora-gcc 1.3.3 59.69 OK
r-devel-windows-x86_64 1.3.3 5.00 54.00 59.00 OK
r-patched-linux-x86_64 1.3.3 3.04 36.32 39.36 OK
r-release-linux-x86_64 1.3.3 2.52 36.87 39.39 OK
r-release-macos-arm64 1.3.3 2.00 21.00 23.00 OK
r-release-macos-x86_64 1.3.3 3.00 35.00 38.00 OK
r-release-windows-x86_64 1.3.3 4.00 53.00 57.00 OK
r-oldrel-macos-arm64 1.3.3 1.00 30.00 31.00 OK
r-oldrel-macos-x86_64 1.3.3 2.00 32.00 34.00 OK
r-oldrel-windows-x86_64 1.3.3 6.00 62.00 68.00 OK

Check Details

Version: 1.3.3
Check: CRAN incoming feasibility
Result: NOTE Maintainer: ‘Chris Knoll <cknoll@ohdsi.org>’ The BugReports field in DESCRIPTION has https://github.com/OHDSI/CirceR/issues/ which should likely be https://github.com/OHDSI/CirceR/issues/issues instead. Flavor: r-devel-linux-x86_64-debian-gcc