Last updated on 2025-10-25 05:49:58 CEST.
| Flavor | Version | Tinstall | Tcheck | Ttotal | Status | Flags |
|---|---|---|---|---|---|---|
| r-devel-linux-x86_64-debian-clang | 0.1-3 | 18.52 | 206.96 | 225.48 | NOTE | |
| r-devel-linux-x86_64-debian-gcc | 0.1-3 | 11.42 | 141.50 | 152.92 | NOTE | |
| r-devel-linux-x86_64-fedora-clang | 0.1-3 | 43.00 | 291.60 | 334.60 | OK | |
| r-devel-linux-x86_64-fedora-gcc | 0.1-3 | 69.00 | 271.44 | 340.44 | OK | |
| r-devel-windows-x86_64 | 0.1-3 | 21.00 | 227.00 | 248.00 | OK | |
| r-patched-linux-x86_64 | 0.1-3 | 20.66 | 199.78 | 220.44 | OK | |
| r-release-linux-x86_64 | 0.1-3 | 17.89 | 198.97 | 216.86 | OK | |
| r-release-macos-arm64 | 0.1-3 | 7.00 | 82.00 | 89.00 | OK | |
| r-release-macos-x86_64 | 0.1-3 | 15.00 | 157.00 | 172.00 | OK | |
| r-release-windows-x86_64 | 0.1-3 | 23.00 | 236.00 | 259.00 | OK | |
| r-oldrel-macos-arm64 | 0.1-3 | 8.00 | 76.00 | 84.00 | OK | |
| r-oldrel-macos-x86_64 | 0.1-3 | 13.00 | 127.00 | 140.00 | OK | |
| r-oldrel-windows-x86_64 | 0.1-3 | 28.00 | 282.00 | 310.00 | OK |
Version: 0.1-3
Check: CRAN incoming feasibility
Result: NOTE
Maintainer: ‘Fergus Reig-Gracia <fergusrg@gmail.com>’
No Authors@R field in DESCRIPTION.
Please add one, modifying
Authors@R: c(person(given = "Fergus",
family = "Reig-Gracia",
role = c("aut", "cre"),
email = "fergusrg@gmail.com"),
person(given = c("Sergio", "M."),
family = "Vicente-Serrano",
role = "aut"),
person(given = "Fernando",
family = "Dominguez-Castro",
role = "aut"),
person(given = "Joaquin",
family = "Bedia-Jiménez",
role = "ctb"))
as necessary.
Flavors: r-devel-linux-x86_64-debian-clang, r-devel-linux-x86_64-debian-gcc