Last updated on 2025-10-25 05:49:58 CEST.
| Flavor | Version | Tinstall | Tcheck | Ttotal | Status | Flags |
|---|---|---|---|---|---|---|
| r-devel-linux-x86_64-debian-clang | 0.1.1 | 5.11 | 214.32 | 219.43 | NOTE | |
| r-devel-linux-x86_64-debian-gcc | 0.1.1 | 2.91 | 123.54 | 126.45 | NOTE | |
| r-devel-linux-x86_64-fedora-clang | 0.1.1 | 11.00 | 337.97 | 348.97 | OK | |
| r-devel-linux-x86_64-fedora-gcc | 0.1.1 | 23.00 | 339.51 | 362.51 | NOTE | |
| r-devel-windows-x86_64 | 0.1.1 | 6.00 | 335.00 | 341.00 | OK | |
| r-patched-linux-x86_64 | 0.1.1 | 6.01 | 201.96 | 207.97 | OK | |
| r-release-linux-x86_64 | 0.1.1 | 4.35 | 200.94 | 205.29 | OK | |
| r-release-macos-arm64 | 0.1.1 | 2.00 | 137.00 | 139.00 | OK | |
| r-release-macos-x86_64 | 0.1.1 | 4.00 | 317.00 | 321.00 | OK | |
| r-release-windows-x86_64 | 0.1.1 | 9.00 | 336.00 | 345.00 | OK | |
| r-oldrel-macos-arm64 | 0.1.1 | 2.00 | 135.00 | 137.00 | OK | |
| r-oldrel-macos-x86_64 | 0.1.1 | 5.00 | 278.00 | 283.00 | OK | |
| r-oldrel-windows-x86_64 | 0.1.1 | 10.00 | 408.00 | 418.00 | OK |
Version: 0.1.1
Check: Rd files
Result: NOTE
checkRd: (-1) EstParmFunc.Rd:14-16: Only 4 columns allowed in this table (row 1 has 3)
checkRd: (-1) EstParmFunc.Rd:14-16: Only 4 columns allowed in this table (row 2 has 3)
checkRd: (-1) PredictionEstParmFunc.Rd:23-25: Only 4 columns allowed in this table (row 1 has 3)
checkRd: (-1) PredictionEstParmFunc.Rd:23-25: Only 4 columns allowed in this table (row 2 has 3)
checkRd: (-1) Table_alr_Dirich_glv.Rd:14-16: Only 4 columns allowed in this table (row 1 has 3)
checkRd: (-1) Table_alr_Dirich_glv.Rd:14-16: Only 4 columns allowed in this table (row 2 has 3)
Flavors: r-devel-linux-x86_64-debian-clang, r-devel-linux-x86_64-debian-gcc, r-devel-linux-x86_64-fedora-gcc