Last updated on 2025-02-21 04:51:44 CET.
Flavor | Version | Tinstall | Tcheck | Ttotal | Status | Flags |
---|---|---|---|---|---|---|
r-devel-linux-x86_64-debian-clang | 0.8.0 | 62.27 | 265.15 | 327.42 | NOTE | |
r-devel-linux-x86_64-debian-gcc | 0.8.0 | 37.75 | 183.55 | 221.30 | NOTE | |
r-devel-linux-x86_64-fedora-clang | 0.8.0 | 513.85 | OK | |||
r-devel-linux-x86_64-fedora-gcc | 0.8.0 | 506.53 | OK | |||
r-devel-macos-arm64 | 0.8.0 | 130.00 | OK | |||
r-devel-macos-x86_64 | 0.8.0 | 10.00 | ERROR | |||
r-devel-windows-x86_64 | 0.8.0 | 52.00 | 233.00 | 285.00 | NOTE | |
r-patched-linux-x86_64 | 0.8.0 | 72.47 | 250.16 | 322.63 | OK | |
r-release-linux-x86_64 | 0.8.0 | 54.37 | 247.84 | 302.21 | OK | |
r-release-macos-arm64 | 0.8.0 | 96.00 | NOTE | |||
r-release-macos-x86_64 | 0.8.0 | 16.00 | ERROR | |||
r-release-windows-x86_64 | 0.8.0 | 52.00 | 238.00 | 290.00 | NOTE | |
r-oldrel-macos-arm64 | 0.8.0 | 9.00 | ERROR | |||
r-oldrel-macos-x86_64 | 0.8.0 | 166.00 | NOTE | |||
r-oldrel-windows-x86_64 | 0.8.0 | 70.00 | 294.00 | 364.00 | NOTE |
Version: 0.8.0
Check: Rd cross-references
Result: NOTE
Found the following Rd file(s) with Rd \link{} targets missing package
anchors:
ctmaAllInvFit.Rd: ctStanFit
ctmaFit.Rd: ctStanFit, ctsem
ctmaInit.Rd: ctStanFit, ctsem
ctmaOptimizeFit.Rd: ctStanFit
ctmaOptimizeInit.Rd: ctStanFit
ctmaPlotCtsemMod.Rd: ctsem
ctmaScaleInits.Rd: ctStanFit
Please provide package anchors for all Rd \link{} targets not in the
package itself and the base packages.
Flavors: r-devel-linux-x86_64-debian-clang, r-devel-linux-x86_64-debian-gcc, r-devel-windows-x86_64
Version: 0.8.0
Check: package dependencies
Result: ERROR
Package required but not available: ‘ctsem’
See section ‘The DESCRIPTION file’ in the ‘Writing R Extensions’
manual.
Flavors: r-devel-macos-x86_64, r-release-macos-x86_64, r-oldrel-macos-arm64
Version: 0.8.0
Check: installed package size
Result: NOTE
installed size is 7.4Mb
sub-directories of 1Mb or more:
data 4.8Mb
doc 1.6Mb
Flavors: r-release-macos-arm64, r-release-windows-x86_64, r-oldrel-macos-x86_64, r-oldrel-windows-x86_64