Last updated on 2025-11-16 04:48:30 CET.
| Flavor | Version | Tinstall | Tcheck | Ttotal | Status | Flags |
|---|---|---|---|---|---|---|
| r-devel-linux-x86_64-debian-clang | 0.1.0 | 3.99 | 51.20 | 55.19 | NOTE | |
| r-devel-linux-x86_64-debian-gcc | 0.1.0 | 3.47 | 39.20 | 42.67 | NOTE | |
| r-devel-linux-x86_64-fedora-clang | 0.1.0 | 40.00 | 52.24 | 92.24 | NOTE | |
| r-devel-linux-x86_64-fedora-gcc | 0.1.0 | 11.00 | 84.62 | 95.62 | NOTE | |
| r-devel-windows-x86_64 | 0.1.0 | 11.00 | 73.00 | 84.00 | OK | |
| r-patched-linux-x86_64 | 0.1.0 | 4.50 | 48.53 | 53.03 | OK | |
| r-release-linux-x86_64 | 0.1.0 | 4.51 | 47.62 | 52.13 | OK | |
| r-release-macos-arm64 | 0.1.0 | 3.00 | 39.00 | 42.00 | OK | |
| r-release-macos-x86_64 | 0.1.0 | 6.00 | 87.00 | 93.00 | OK | |
| r-release-windows-x86_64 | 0.1.0 | 9.00 | 72.00 | 81.00 | OK | |
| r-oldrel-macos-arm64 | 0.1.0 | 3.00 | 32.00 | 35.00 | OK | |
| r-oldrel-macos-x86_64 | 0.1.0 | 5.00 | 55.00 | 60.00 | OK | |
| r-oldrel-windows-x86_64 | 0.1.0 | 11.00 | 84.00 | 95.00 | OK |
Version: 0.1.0
Check: CRAN incoming feasibility
Result: NOTE
Maintainer: ‘Josep Puig <puigjos@gmail.com>’
No Authors@R field in DESCRIPTION.
Please add one, modifying
Authors@R: c(person(given = c("Josep", "Puig"),
family = "Sallés",
role = "aut"),
person(given = "Josep",
family = "Puig",
role = "cre",
email = "puigjos@gmail.com"))
as necessary.
Flavors: r-devel-linux-x86_64-debian-clang, r-devel-linux-x86_64-debian-gcc
Version: 0.1.0
Check: compiled code
Result: NOTE
File ‘ConsReg/libs/ConsReg.so’:
Found no calls to: ‘R_registerRoutines’, ‘R_useDynamicSymbols’
It is good practice to register native routines and to disable symbol
search.
See ‘Writing portable packages’ in the ‘Writing R Extensions’ manual.
Flavors: r-devel-linux-x86_64-fedora-clang, r-devel-linux-x86_64-fedora-gcc