Last updated on 2025-11-16 04:48:31 CET.
| Flavor | Version | Tinstall | Tcheck | Ttotal | Status | Flags |
|---|---|---|---|---|---|---|
| r-devel-linux-x86_64-debian-clang | 2.1.3 | 2.69 | 36.11 | 38.80 | NOTE | |
| r-devel-linux-x86_64-debian-gcc | 2.1.3 | 2.13 | 29.13 | 31.26 | NOTE | |
| r-devel-linux-x86_64-fedora-clang | 2.1.3 | 23.00 | 39.82 | 62.82 | OK | |
| r-devel-linux-x86_64-fedora-gcc | 2.1.3 | 68.27 | OK | |||
| r-devel-windows-x86_64 | 2.1.3 | 9.00 | 55.00 | 64.00 | OK | |
| r-patched-linux-x86_64 | 2.1.3 | 3.14 | 35.09 | 38.23 | OK | |
| r-release-linux-x86_64 | 2.1.3 | 2.71 | 34.24 | 36.95 | OK | |
| r-release-macos-arm64 | 2.1.3 | 1.00 | 24.00 | 25.00 | OK | |
| r-release-macos-x86_64 | 2.1.3 | 3.00 | 46.00 | 49.00 | OK | |
| r-release-windows-x86_64 | 2.1.3 | 4.00 | 55.00 | 59.00 | OK | |
| r-oldrel-macos-arm64 | 2.1.3 | 1.00 | 24.00 | 25.00 | OK | |
| r-oldrel-macos-x86_64 | 2.1.3 | 2.00 | 35.00 | 37.00 | OK | |
| r-oldrel-windows-x86_64 | 2.1.3 | 4.00 | 62.00 | 66.00 | OK |
Version: 2.1.3
Check: CRAN incoming feasibility
Result: NOTE
Maintainer: ‘Niklas Hohmann <Niklas.Hohmann@fau.de>’
No Authors@R field in DESCRIPTION.
Please add one, modifying
Authors@R: person(given = "Niklas",
family = "Hohmann",
role = c("aut", "cre"),
email = "niklas.hohmann@fau.de")
as necessary.
Flavors: r-devel-linux-x86_64-debian-clang, r-devel-linux-x86_64-debian-gcc