Last updated on 2024-08-25 05:49:18 CEST.
Flavor | Version | Tinstall | Tcheck | Ttotal | Status | Flags |
---|---|---|---|---|---|---|
r-devel-linux-x86_64-debian-clang | 1.0.6 | 4.43 | 124.04 | 128.47 | NOTE | |
r-devel-linux-x86_64-debian-gcc | 1.0.6 | 3.78 | 88.70 | 92.48 | NOTE | |
r-devel-linux-x86_64-fedora-clang | 1.0.6 | 223.77 | NOTE | |||
r-devel-linux-x86_64-fedora-gcc | 1.0.6 | 215.46 | NOTE | |||
r-devel-windows-x86_64 | 1.0.6 | 7.00 | 156.00 | 163.00 | NOTE | |
r-patched-linux-x86_64 | 1.0.6 | 5.55 | 119.04 | 124.59 | NOTE | |
r-release-linux-x86_64 | 1.0.6 | 4.73 | 118.54 | 123.27 | NOTE | |
r-release-macos-arm64 | 1.0.6 | 35.00 | NOTE | |||
r-release-macos-x86_64 | 1.0.6 | 149.00 | NOTE | |||
r-release-windows-x86_64 | 1.0.6 | 7.00 | 154.00 | 161.00 | NOTE | |
r-oldrel-macos-arm64 | 1.0.6 | 34.00 | NOTE | |||
r-oldrel-macos-x86_64 | 1.0.6 | 57.00 | NOTE | |||
r-oldrel-windows-x86_64 | 1.0.6 | 9.00 | 177.00 | 186.00 | OK |
Version: 1.0.6
Check: Rd files
Result: NOTE
checkRd: (-1) runContrasts.Rd:79: Lost braces in \itemize; meant \describe ?
checkRd: (-1) runContrasts.Rd:80: Lost braces in \itemize; meant \describe ?
checkRd: (-1) runContrasts.Rd:81: Lost braces in \itemize; meant \describe ?
checkRd: (-1) runContrasts.Rd:82: Lost braces in \itemize; meant \describe ?
Flavors: r-devel-linux-x86_64-debian-clang, r-devel-linux-x86_64-debian-gcc, r-devel-linux-x86_64-fedora-clang, r-devel-linux-x86_64-fedora-gcc, r-devel-windows-x86_64, r-patched-linux-x86_64, r-release-linux-x86_64, r-release-macos-arm64, r-release-macos-x86_64, r-release-windows-x86_64
Version: 1.0.6
Check: package dependencies
Result: NOTE
Package suggested but not available for checking: ‘zFPKM’
Flavor: r-release-macos-arm64
Version: 1.0.6
Check: package dependencies
Result: NOTE
Packages suggested but not available for checking:
'IHW', 'RNASeqPower', 'zFPKM'
Flavors: r-oldrel-macos-arm64, r-oldrel-macos-x86_64