Last updated on 2025-02-21 04:51:44 CET.
Flavor | Version | Tinstall | Tcheck | Ttotal | Status | Flags |
---|---|---|---|---|---|---|
r-devel-linux-x86_64-debian-clang | 0.9.2 | 7.94 | 72.61 | 80.55 | OK | |
r-devel-linux-x86_64-debian-gcc | 0.9.2 | 5.35 | 50.55 | 55.90 | OK | |
r-devel-linux-x86_64-fedora-clang | 0.9.2 | 129.74 | NOTE | |||
r-devel-linux-x86_64-fedora-gcc | 0.9.2 | 142.21 | NOTE | |||
r-devel-macos-arm64 | 0.9.2 | 45.00 | OK | |||
r-devel-macos-x86_64 | 0.9.2 | 85.00 | OK | |||
r-devel-windows-x86_64 | 0.9.2 | 10.00 | 89.00 | 99.00 | OK | |
r-patched-linux-x86_64 | 0.9.2 | 6.00 | 67.89 | 73.89 | OK | |
r-release-linux-x86_64 | 0.9.2 | 6.95 | 68.08 | 75.03 | OK | |
r-release-macos-arm64 | 0.9.2 | 43.00 | OK | |||
r-release-macos-x86_64 | 0.9.2 | 74.00 | OK | |||
r-release-windows-x86_64 | 0.9.2 | 10.00 | 89.00 | 99.00 | OK | |
r-oldrel-macos-arm64 | 0.9.2 | 52.00 | OK | |||
r-oldrel-macos-x86_64 | 0.9.2 | 94.00 | OK | |||
r-oldrel-windows-x86_64 | 0.9.2 | 10.00 | 109.00 | 119.00 | OK |
Version: 0.9.2
Check: dependencies in R code
Result: NOTE
Namespace in Imports field not imported from: ‘rlang’
All declared Imports should be used.
Flavors: r-devel-linux-x86_64-fedora-clang, r-devel-linux-x86_64-fedora-gcc