Last updated on 2025-02-22 04:51:09 CET.
Flavor | Version | Tinstall | Tcheck | Ttotal | Status | Flags |
---|---|---|---|---|---|---|
r-devel-linux-x86_64-debian-clang | 1.2.2 | 65.80 | 438.52 | 504.32 | OK | |
r-devel-linux-x86_64-debian-gcc | 1.2.2 | 41.11 | 317.11 | 358.22 | OK | |
r-devel-linux-x86_64-fedora-clang | 1.2.2 | 866.52 | OK | |||
r-devel-linux-x86_64-fedora-gcc | 1.2.2 | 824.37 | OK | |||
r-devel-macos-arm64 | 1.2.2 | 5.00 | ERROR | |||
r-devel-macos-x86_64 | 1.2.2 | 6.00 | ERROR | |||
r-devel-windows-x86_64 | 1.2.2 | 59.00 | 354.00 | 413.00 | OK | |
r-patched-linux-x86_64 | 1.2.2 | 54.70 | 397.15 | 451.85 | OK | |
r-release-linux-x86_64 | 1.2.2 | 57.09 | 388.31 | 445.40 | OK | |
r-release-macos-arm64 | 1.2.2 | 190.00 | OK | |||
r-release-macos-x86_64 | 1.2.2 | 299.00 | OK | |||
r-release-windows-x86_64 | 1.2.2 | 60.00 | 346.00 | 406.00 | OK | |
r-oldrel-macos-arm64 | 1.2.2 | 194.00 | OK | |||
r-oldrel-macos-x86_64 | 1.2.2 | 431.00 | OK | |||
r-oldrel-windows-x86_64 | 1.2.2 | 81.00 | 460.00 | 541.00 | OK |
Version: 1.2.2
Check: package dependencies
Result: ERROR
Package required but not available: ‘org.Hs.eg.db’
See section ‘The DESCRIPTION file’ in the ‘Writing R Extensions’
manual.
Flavor: r-devel-macos-arm64
Version: 1.2.2
Check: package dependencies
Result: ERROR
Package required but not available: ‘TSCAN’
See section ‘The DESCRIPTION file’ in the ‘Writing R Extensions’
manual.
Flavor: r-devel-macos-x86_64