Last updated on 2025-10-26 04:48:32 CET.
| Flavor | Version | Tinstall | Tcheck | Ttotal | Status | Flags |
|---|---|---|---|---|---|---|
| r-devel-linux-x86_64-debian-clang | 0.1.2 | 2.19 | 38.90 | 41.09 | NOTE | |
| r-devel-linux-x86_64-debian-gcc | 0.1.2 | 1.61 | 30.52 | 32.13 | NOTE | |
| r-devel-linux-x86_64-fedora-clang | 0.1.2 | 62.89 | NOTE | |||
| r-devel-linux-x86_64-fedora-gcc | 0.1.2 | 60.50 | NOTE | |||
| r-devel-windows-x86_64 | 0.1.2 | 4.00 | 59.00 | 63.00 | NOTE | |
| r-patched-linux-x86_64 | 0.1.2 | 2.44 | 36.90 | 39.34 | NOTE | |
| r-release-linux-x86_64 | 0.1.2 | 1.97 | 37.27 | 39.24 | NOTE | |
| r-release-macos-arm64 | 0.1.2 | 1.00 | 25.00 | 26.00 | NOTE | |
| r-release-macos-x86_64 | 0.1.2 | 2.00 | 37.00 | 39.00 | NOTE | |
| r-release-windows-x86_64 | 0.1.2 | 3.00 | 62.00 | 65.00 | NOTE | |
| r-oldrel-macos-arm64 | 0.1.2 | 1.00 | 23.00 | 24.00 | NOTE | |
| r-oldrel-macos-x86_64 | 0.1.2 | 2.00 | 35.00 | 37.00 | NOTE | |
| r-oldrel-windows-x86_64 | 0.1.2 | 5.00 | 71.00 | 76.00 | NOTE |
Version: 0.1.2
Check: package subdirectories
Result: NOTE
Problems with news in ‘NEWS.md’:
No news entries found.
Flavors: r-devel-linux-x86_64-debian-clang, r-devel-linux-x86_64-debian-gcc, r-devel-linux-x86_64-fedora-clang, r-devel-linux-x86_64-fedora-gcc, r-devel-windows-x86_64, r-patched-linux-x86_64, r-release-linux-x86_64, r-release-macos-arm64, r-release-macos-x86_64, r-release-windows-x86_64, r-oldrel-macos-arm64, r-oldrel-macos-x86_64, r-oldrel-windows-x86_64
Version: 0.1.2
Check: LazyData
Result: NOTE
'LazyData' is specified without a 'data' directory
Flavors: r-oldrel-macos-arm64, r-oldrel-macos-x86_64, r-oldrel-windows-x86_64