Last updated on 2025-11-16 04:48:32 CET.
| Flavor | Version | Tinstall | Tcheck | Ttotal | Status | Flags |
|---|---|---|---|---|---|---|
| r-devel-linux-x86_64-debian-clang | 1.4.1 | 12.66 | 111.44 | 124.10 | OK | |
| r-devel-linux-x86_64-debian-gcc | 1.4.1 | 8.09 | 80.69 | 88.78 | NOTE | |
| r-devel-linux-x86_64-fedora-clang | 1.4.1 | 55.00 | 158.08 | 213.08 | OK | |
| r-devel-linux-x86_64-fedora-gcc | 1.4.1 | 27.00 | 223.64 | 250.64 | OK | |
| r-devel-windows-x86_64 | 1.4.1 | 17.00 | 128.00 | 145.00 | OK | |
| r-patched-linux-x86_64 | 1.4.1 | 13.37 | 107.41 | 120.78 | OK | |
| r-release-linux-x86_64 | 1.4.1 | 12.02 | 105.94 | 117.96 | OK | |
| r-release-macos-arm64 | 1.4.1 | 5.00 | 89.00 | 94.00 | OK | |
| r-release-macos-x86_64 | 1.4.1 | 15.00 | 173.00 | 188.00 | OK | |
| r-release-windows-x86_64 | 1.4.1 | 14.00 | 133.00 | 147.00 | OK | |
| r-oldrel-macos-arm64 | 1.4.1 | 5.00 | 74.00 | 79.00 | OK | |
| r-oldrel-macos-x86_64 | 1.4.1 | 10.00 | 143.00 | 153.00 | OK | |
| r-oldrel-windows-x86_64 | 1.4.1 | 20.00 | 162.00 | 182.00 | OK |
Version: 1.4.1
Check: CRAN incoming feasibility
Result: NOTE
Maintainer: ‘Yannick Marcon <yannick.marcon@obiba.org>’
The BugReports field in DESCRIPTION has
https://github.com/datashield/DSLite/issues/
which should likely be
https://github.com/datashield/DSLite/issues/issues
instead.
Flavor: r-devel-linux-x86_64-debian-gcc