Last updated on 2024-08-25 05:49:19 CEST.
Flavor | Version | Tinstall | Tcheck | Ttotal | Status | Flags |
---|---|---|---|---|---|---|
r-devel-linux-x86_64-debian-clang | 0.0.3 | 2.67 | 32.74 | 35.41 | OK | |
r-devel-linux-x86_64-debian-gcc | 0.0.3 | 1.71 | 24.65 | 26.36 | OK | |
r-devel-linux-x86_64-fedora-clang | 0.0.3 | 58.75 | OK | |||
r-devel-linux-x86_64-fedora-gcc | 0.0.3 | 66.88 | OK | |||
r-devel-windows-x86_64 | 0.0.3 | 5.00 | 57.00 | 62.00 | OK | |
r-patched-linux-x86_64 | 0.0.3 | 3.18 | 31.30 | 34.48 | OK | |
r-release-linux-x86_64 | 0.0.3 | 2.32 | 31.29 | 33.61 | OK | |
r-release-macos-arm64 | 0.0.3 | 42.00 | OK | |||
r-release-macos-x86_64 | 0.0.3 | 96.00 | OK | |||
r-release-windows-x86_64 | 0.0.3 | 4.00 | 58.00 | 62.00 | OK | |
r-oldrel-macos-arm64 | 0.0.3 | 42.00 | ERROR | |||
r-oldrel-macos-x86_64 | 0.0.3 | 59.00 | ERROR | |||
r-oldrel-windows-x86_64 | 0.0.3 | 4.00 | 62.00 | 66.00 | OK |
Version: 0.0.3
Check: running R code from vignettes
Result: ERROR
Errors in running code in vignettes:
when running code in ‘Introduction_to_DTwrappers2.Rmd’
...
+ tidy = TRUE)
> devtools::load_all(".")
When sourcing ‘Introduction_to_DTwrappers2.R’:
Error: Could not find a root 'DESCRIPTION' file that starts with '^Package' in
'/private/var/folders/k4/0jwzxmln0nb8y6rkzprptb640000gq/T/Rtmpq9iPdB/file1431b6d2dd217/vignettes'.
ℹ Are you in your project directory and does your project have a 'DESCRIPTION'
file?
Execution halted
‘Introduction_to_DTwrappers2.Rmd’ using ‘UTF-8’... failed
Flavor: r-oldrel-macos-arm64
Version: 0.0.3
Check: running R code from vignettes
Result: ERROR
Errors in running code in vignettes:
when running code in ‘Introduction_to_DTwrappers2.Rmd’
...
+ tidy = TRUE)
> devtools::load_all(".")
When sourcing ‘Introduction_to_DTwrappers2.R’:
Error: Could not find a root 'DESCRIPTION' file that starts with '^Package' in
'/private/var/folders/2b/t0kwbtmn3p7brv2mvx39c9cr0000gn/T/RtmpkEZhsc/file143393a6ba09/vignettes'.
ℹ Are you in your project directory and does your project have a 'DESCRIPTION'
file?
Execution halted
‘Introduction_to_DTwrappers2.Rmd’ using ‘UTF-8’... failed
Flavor: r-oldrel-macos-x86_64
Version: 0.0.3
Check: re-building of vignette outputs
Result: NOTE
Error(s) in re-building vignettes:
...
Flavor: r-oldrel-macos-x86_64
Version: 0.0.3
Check: PDF version of manual
Result: ERROR
Rd conversion errors:
Flavor: r-oldrel-macos-x86_64