CRAN Package Check Results for Package DandEFA

Last updated on 2025-02-22 04:51:09 CET.

Flavor Version Tinstall Tcheck Ttotal Status Flags
r-devel-linux-x86_64-debian-clang 1.6 1.87 25.14 27.01 NOTE
r-devel-linux-x86_64-debian-gcc 1.6 1.80 19.54 21.34 NOTE
r-devel-linux-x86_64-fedora-clang 1.6 43.21 OK
r-devel-linux-x86_64-fedora-gcc 1.6 41.45 OK
r-devel-macos-arm64 1.6 18.00 OK
r-devel-macos-x86_64 1.6 31.00 OK
r-devel-windows-x86_64 1.6 3.00 47.00 50.00 NOTE
r-patched-linux-x86_64 1.6 3.60 24.29 27.89 OK
r-release-linux-x86_64 1.6 2.23 24.30 26.53 OK
r-release-macos-arm64 1.6 17.00 OK
r-release-macos-x86_64 1.6 26.00 OK
r-release-windows-x86_64 1.6 4.00 46.00 50.00 OK
r-oldrel-macos-arm64 1.6 17.00 OK
r-oldrel-macos-x86_64 1.6 27.00 OK
r-oldrel-windows-x86_64 1.6 4.00 50.00 54.00 OK

Check Details

Version: 1.6
Check: Rd cross-references
Result: NOTE Found the following Rd file(s) with Rd \link{} targets missing package anchors: factload.Rd: polychor Please provide package anchors for all Rd \link{} targets not in the package itself and the base packages. Flavors: r-devel-linux-x86_64-debian-clang, r-devel-linux-x86_64-debian-gcc, r-devel-windows-x86_64