Last updated on 2025-02-21 04:51:44 CET.
Flavor | Version | Tinstall | Tcheck | Ttotal | Status | Flags |
---|---|---|---|---|---|---|
r-devel-linux-x86_64-debian-clang | 1.3.3 | 29.22 | 196.40 | 225.62 | OK | |
r-devel-linux-x86_64-debian-gcc | 1.3.3 | 20.63 | 130.64 | 151.27 | OK | |
r-devel-linux-x86_64-fedora-clang | 1.3.3 | 373.52 | OK | |||
r-devel-linux-x86_64-fedora-gcc | 1.3.3 | 384.41 | OK | |||
r-devel-macos-arm64 | 1.3.3 | 84.00 | OK | |||
r-devel-macos-x86_64 | 1.3.3 | 163.00 | OK | |||
r-devel-windows-x86_64 | 1.3.3 | 34.00 | 216.00 | 250.00 | OK | |
r-patched-linux-x86_64 | 1.3.3 | 27.83 | 187.64 | 215.47 | NOTE | |
r-release-linux-x86_64 | 1.3.3 | 28.84 | 187.36 | 216.20 | NOTE | |
r-release-macos-arm64 | 1.3.3 | 91.00 | OK | |||
r-release-macos-x86_64 | 1.3.3 | 170.00 | OK | |||
r-release-windows-x86_64 | 1.3.3 | 35.00 | 203.00 | 238.00 | OK | |
r-oldrel-macos-arm64 | 1.3.2 | 86.00 | OK | |||
r-oldrel-macos-x86_64 | 1.3.3 | 163.00 | OK | |||
r-oldrel-windows-x86_64 | 1.3.3 | 44.00 | 242.00 | 286.00 | OK |
Version: 1.3.3
Check: package dependencies
Result: NOTE
Package suggested but not available for checking: ‘choroplethr’
Flavors: r-patched-linux-x86_64, r-release-linux-x86_64