Last updated on 2024-08-25 05:49:18 CEST.
Flavor | Version | Tinstall | Tcheck | Ttotal | Status | Flags |
---|---|---|---|---|---|---|
r-devel-linux-x86_64-debian-clang | 2.0.4 | 16.39 | 28.87 | 45.26 | OK | |
r-devel-linux-x86_64-debian-gcc | 2.0.4 | 10.01 | 21.60 | 31.61 | OK | |
r-devel-linux-x86_64-fedora-clang | 2.0.4 | 74.49 | NOTE | |||
r-devel-linux-x86_64-fedora-gcc | 2.0.4 | 70.12 | NOTE | |||
r-devel-windows-x86_64 | 2.0.4 | 15.00 | 52.00 | 67.00 | OK | |
r-patched-linux-x86_64 | 2.0.4 | 16.68 | 27.71 | 44.39 | OK | |
r-release-linux-x86_64 | 2.0.4 | 15.21 | 27.38 | 42.59 | OK | |
r-release-macos-arm64 | 2.0.4 | 32.00 | OK | |||
r-release-macos-x86_64 | 2.0.4 | 41.00 | OK | |||
r-release-windows-x86_64 | 2.0.4 | 17.00 | 53.00 | 70.00 | OK | |
r-oldrel-macos-arm64 | 2.0.4 | 32.00 | OK | |||
r-oldrel-macos-x86_64 | 2.0.4 | 53.00 | OK | |||
r-oldrel-windows-x86_64 | 2.0.4 | 21.00 | 57.00 | 78.00 | OK |
Version: 2.0.4
Check: dependencies in R code
Result: NOTE
Namespaces in Imports field not imported from:
‘jsonlite’ ‘methods’
All declared Imports should be used.
Flavors: r-devel-linux-x86_64-fedora-clang, r-devel-linux-x86_64-fedora-gcc