Last updated on 2025-10-25 05:49:59 CEST.
| Flavor | Version | Tinstall | Tcheck | Ttotal | Status | Flags |
|---|---|---|---|---|---|---|
| r-devel-linux-x86_64-debian-clang | 1.2.2 | 2.94 | 242.78 | 245.72 | OK | |
| r-devel-linux-x86_64-debian-gcc | 1.2.2 | 2.31 | 147.32 | 149.63 | OK | |
| r-devel-linux-x86_64-fedora-clang | 1.2.2 | 14.00 | 343.63 | 357.63 | OK | |
| r-devel-linux-x86_64-fedora-gcc | 1.2.2 | 366.66 | OK | |||
| r-devel-windows-x86_64 | 1.2.2 | 6.00 | 235.00 | 241.00 | OK | |
| r-patched-linux-x86_64 | 1.2.2 | 3.07 | 225.23 | 228.30 | OK | |
| r-release-linux-x86_64 | 1.2.2 | 2.39 | 225.53 | 227.92 | OK | |
| r-release-macos-arm64 | 1.2.2 | 2.00 | 134.00 | 136.00 | OK | |
| r-release-macos-x86_64 | 1.2.2 | 3.00 | 319.00 | 322.00 | OK | |
| r-release-windows-x86_64 | 1.2.2 | 8.00 | 237.00 | 245.00 | OK | |
| r-oldrel-macos-arm64 | 1.2.2 | 2.00 | 104.00 | 106.00 | NOTE | |
| r-oldrel-macos-x86_64 | 1.2.2 | 2.00 | 279.00 | 281.00 | NOTE | |
| r-oldrel-windows-x86_64 | 1.2.2 | 8.00 | 304.00 | 312.00 | NOTE |
Version: 1.2.2
Check: installed package size
Result: NOTE
installed size is 7.1Mb
sub-directories of 1Mb or more:
doc 4.8Mb
extdata 2.1Mb
Flavors: r-oldrel-macos-arm64, r-oldrel-macos-x86_64, r-oldrel-windows-x86_64