Last updated on 2025-10-25 05:49:59 CEST.
| Flavor | Version | Tinstall | Tcheck | Ttotal | Status | Flags |
|---|---|---|---|---|---|---|
| r-devel-linux-x86_64-debian-clang | 0.7-2 | 6.76 | 55.50 | 62.26 | NOTE | |
| r-devel-linux-x86_64-debian-gcc | 0.7-2 | 5.17 | 42.27 | 47.44 | NOTE | |
| r-devel-linux-x86_64-fedora-clang | 0.7-2 | 13.00 | 80.23 | 93.23 | OK | |
| r-devel-linux-x86_64-fedora-gcc | 0.7-2 | 27.00 | 84.36 | 111.36 | NOTE | |
| r-devel-windows-x86_64 | 0.7-2 | 11.00 | 69.00 | 80.00 | OK | |
| r-patched-linux-x86_64 | 0.7-2 | 6.40 | 51.56 | 57.96 | OK | |
| r-release-linux-x86_64 | 0.7-2 | 5.93 | 52.37 | 58.30 | OK | |
| r-release-macos-arm64 | 0.7-2 | 4.00 | 62.00 | 66.00 | OK | |
| r-release-macos-x86_64 | 0.7-2 | 8.00 | 101.00 | 109.00 | OK | |
| r-release-windows-x86_64 | 0.7-2 | 11.00 | 72.00 | 83.00 | OK | |
| r-oldrel-macos-arm64 | 0.7-2 | 5.00 | 40.00 | 45.00 | OK | |
| r-oldrel-macos-x86_64 | 0.7-2 | 6.00 | 109.00 | 115.00 | OK | |
| r-oldrel-windows-x86_64 | 0.7-2 | 13.00 | 82.00 | 95.00 | OK |
Version: 0.7-2
Check: Rd files
Result: NOTE
checkRd: (-1) DirichletReg-package.Rd:9-15: Only 2 columns allowed in this table (row 6 has 1)
Flavors: r-devel-linux-x86_64-debian-clang, r-devel-linux-x86_64-debian-gcc, r-devel-linux-x86_64-fedora-gcc