Last updated on 2024-08-25 05:49:19 CEST.
Flavor | Version | Tinstall | Tcheck | Ttotal | Status | Flags |
---|---|---|---|---|---|---|
r-devel-linux-x86_64-debian-clang | 0.1.4 | 7.20 | 72.15 | 79.35 | NOTE | |
r-devel-linux-x86_64-debian-gcc | 0.1.4 | 4.66 | 52.74 | 57.40 | NOTE | |
r-devel-linux-x86_64-fedora-clang | 0.1.4 | 126.11 | NOTE | |||
r-devel-linux-x86_64-fedora-gcc | 0.1.4 | 132.45 | NOTE | |||
r-devel-windows-x86_64 | 0.1.4 | 9.00 | 104.00 | 113.00 | NOTE | |
r-patched-linux-x86_64 | 0.1.4 | 8.55 | 68.20 | 76.75 | NOTE | |
r-release-linux-x86_64 | 0.1.4 | 7.11 | 69.17 | 76.28 | NOTE | |
r-release-macos-arm64 | 0.1.4 | 45.00 | NOTE | |||
r-release-macos-x86_64 | 0.1.4 | 73.00 | NOTE | |||
r-release-windows-x86_64 | 0.1.4 | 10.00 | 104.00 | 114.00 | NOTE | |
r-oldrel-macos-arm64 | 0.1.4 | 54.00 | OK | |||
r-oldrel-macos-x86_64 | 0.1.4 | 77.00 | OK | |||
r-oldrel-windows-x86_64 | 0.1.4 | 14.00 | 123.00 | 137.00 | OK |
Version: 0.1.4
Check: Rd files
Result: NOTE
checkRd: (-1) generate_individual_graphs.Rd:11: Lost braces
11 | code{\link[DrDimont]{compute_correlation_matrices}}}
| ^
Flavors: r-devel-linux-x86_64-debian-clang, r-devel-linux-x86_64-debian-gcc, r-devel-linux-x86_64-fedora-clang, r-devel-linux-x86_64-fedora-gcc, r-devel-windows-x86_64, r-patched-linux-x86_64, r-release-linux-x86_64, r-release-macos-arm64, r-release-macos-x86_64, r-release-windows-x86_64