Last updated on 2024-08-25 05:49:19 CEST.
Flavor | Version | Tinstall | Tcheck | Ttotal | Status | Flags |
---|---|---|---|---|---|---|
r-devel-linux-x86_64-debian-clang | 1.0.7 | 4.65 | 463.97 | 468.62 | NOTE | |
r-devel-linux-x86_64-debian-gcc | 1.0.7 | 2.96 | 321.39 | 324.35 | NOTE | |
r-devel-linux-x86_64-fedora-clang | 1.0.7 | 763.87 | NOTE | |||
r-devel-linux-x86_64-fedora-gcc | 1.0.7 | 804.62 | NOTE | |||
r-devel-windows-x86_64 | 1.0.7 | 7.00 | 390.00 | 397.00 | OK | |
r-patched-linux-x86_64 | 1.0.7 | 4.81 | 428.40 | 433.21 | NOTE | |
r-release-linux-x86_64 | 1.0.7 | 4.40 | 431.01 | 435.41 | NOTE | |
r-release-macos-arm64 | 1.0.7 | 159.00 | OK | |||
r-release-macos-x86_64 | 1.0.7 | 326.00 | OK | |||
r-release-windows-x86_64 | 1.0.7 | 7.00 | 389.00 | 396.00 | OK | |
r-oldrel-macos-arm64 | 1.0.7 | 13.00 | ERROR | |||
r-oldrel-macos-x86_64 | 14.00 | ERROR | ||||
r-oldrel-windows-x86_64 | 1.0.7 | 8.00 | 530.00 | 538.00 | OK |
Version: 1.0.7
Check: package dependencies
Result: NOTE
Package suggested but not available for checking: ‘PaRe’
Flavors: r-devel-linux-x86_64-debian-clang, r-devel-linux-x86_64-debian-gcc, r-devel-linux-x86_64-fedora-clang, r-devel-linux-x86_64-fedora-gcc, r-patched-linux-x86_64, r-release-linux-x86_64
Version: 1.0.7
Check: package dependencies
Result: ERROR
Packages required and available but unsuitable versions:
'DrugUtilisation', 'omopgenerics'
See section ‘The DESCRIPTION file’ in the ‘Writing R Extensions’
manual.
Flavor: r-oldrel-macos-arm64
Version: 1.0.7
Check: package dependencies
Result: ERROR
Packages required and available but unsuitable versions:
'DrugUtilisation', 'omopgenerics'
Files named as vignettes but with no recognized vignette engine:
‘inst/doc/DiagnosticsSummary.Rmd’
‘inst/doc/DrugDose.Rmd’
‘inst/doc/DrugSig.Rmd’
‘inst/doc/DrugSourceConcepts.Rmd’
‘inst/doc/Missingness.Rmd’
‘inst/doc/Quantity.Rmd’
‘inst/doc/VerbatimEndDate.Rmd’
(Is a VignetteBuilder field missing?)
See section ‘The DESCRIPTION file’ in the ‘Writing R Extensions’
manual.
Flavor: r-oldrel-macos-x86_64