Last updated on 2025-11-16 04:48:32 CET.
| Flavor | Version | Tinstall | Tcheck | Ttotal | Status | Flags |
|---|---|---|---|---|---|---|
| r-devel-linux-x86_64-debian-clang | 2.1.0 | 2.97 | 28.33 | 31.30 | NOTE | |
| r-devel-linux-x86_64-debian-gcc | 2.1.0 | 1.94 | 22.55 | 24.49 | NOTE | |
| r-devel-linux-x86_64-fedora-clang | 2.1.0 | 46.60 | OK | |||
| r-devel-linux-x86_64-fedora-gcc | 2.1.0 | 44.30 | OK | |||
| r-devel-windows-x86_64 | 2.1.0 | 6.00 | 44.00 | 50.00 | OK | |
| r-patched-linux-x86_64 | 2.1.0 | 3.05 | 26.45 | 29.50 | OK | |
| r-release-linux-x86_64 | 2.1.0 | 2.68 | 26.42 | 29.10 | OK | |
| r-release-macos-arm64 | 2.1.0 | 2.00 | 21.00 | 23.00 | OK | |
| r-release-macos-x86_64 | 2.1.0 | 2.00 | 26.00 | 28.00 | OK | |
| r-release-windows-x86_64 | 2.1.0 | 5.00 | 44.00 | 49.00 | OK | |
| r-oldrel-macos-arm64 | 2.1.0 | 2.00 | 16.00 | 18.00 | OK | |
| r-oldrel-macos-x86_64 | 2.1.0 | 2.00 | 25.00 | 27.00 | OK | |
| r-oldrel-windows-x86_64 | 2.1.0 | 6.00 | 51.00 | 57.00 | OK |
Version: 2.1.0
Check: CRAN incoming feasibility
Result: NOTE
Maintainer: ‘Shuang Song <song-s19@mails.tsinghua.edu.cn>’
No Authors@R field in DESCRIPTION.
Please add one, modifying
Authors@R: c(person(given = "Shuang",
family = "Song",
role = c("aut", "cre"),
email = "song-s19@mails.tsinghua.edu.cn"),
person(given = "Wei",
family = "Jiang",
role = "aut"),
person(given = "Lin",
family = "Hou",
role = "aut"),
person(given = "Hongyu",
family = "Zhao",
role = "aut"))
as necessary.
Flavors: r-devel-linux-x86_64-debian-clang, r-devel-linux-x86_64-debian-gcc