CRAN Package Check Results for Package ECLRMC

Last updated on 2025-02-22 04:51:10 CET.

Flavor Version Tinstall Tcheck Ttotal Status Flags
r-devel-linux-x86_64-debian-clang 1.0 5.24 51.72 56.96 OK
r-devel-linux-x86_64-debian-gcc 1.0 4.78 38.89 43.67 OK
r-devel-linux-x86_64-fedora-clang 1.0 91.99 OK
r-devel-linux-x86_64-fedora-gcc 1.0 86.91 OK
r-devel-macos-arm64 1.0 31.00 OK
r-devel-macos-x86_64 1.0 67.00 OK
r-devel-windows-x86_64 1.0 6.00 64.00 70.00 OK
r-patched-linux-x86_64 1.0 6.51 48.77 55.28 NOTE
r-release-linux-x86_64 1.0 5.53 48.62 54.15 NOTE
r-release-macos-arm64 1.0 29.00 NOTE
r-release-macos-x86_64 1.0 43.00 NOTE
r-release-windows-x86_64 1.0 7.00 64.00 71.00 NOTE
r-oldrel-macos-arm64 1.0 30.00 NOTE
r-oldrel-macos-x86_64 1.0 50.00 NOTE
r-oldrel-windows-x86_64 1.0 7.00 86.00 93.00 NOTE

Check Details

Version: 1.0
Check: LazyData
Result: NOTE 'LazyData' is specified without a 'data' directory Flavors: r-patched-linux-x86_64, r-release-linux-x86_64, r-release-macos-arm64, r-release-macos-x86_64, r-release-windows-x86_64, r-oldrel-macos-arm64, r-oldrel-macos-x86_64, r-oldrel-windows-x86_64