Last updated on 2024-08-25 05:49:20 CEST.
Flavor | Version | Tinstall | Tcheck | Ttotal | Status | Flags |
---|---|---|---|---|---|---|
r-devel-linux-x86_64-debian-clang | 1.1.2 | 3.51 | 34.96 | 38.47 | OK | |
r-devel-linux-x86_64-debian-gcc | 1.1.2 | 2.45 | 24.28 | 26.73 | OK | |
r-devel-linux-x86_64-fedora-clang | 1.1.2 | 61.55 | NOTE | |||
r-devel-linux-x86_64-fedora-gcc | 1.1.2 | 57.39 | NOTE | |||
r-devel-windows-x86_64 | 1.1.2 | 5.00 | 53.00 | 58.00 | OK | |
r-patched-linux-x86_64 | 1.1.2 | 3.08 | 31.94 | 35.02 | OK | |
r-release-linux-x86_64 | 1.1.2 | 3.56 | 32.99 | 36.55 | OK | |
r-release-macos-arm64 | 1.1.2 | 22.00 | OK | |||
r-release-macos-x86_64 | 1.1.2 | 30.00 | OK | |||
r-release-windows-x86_64 | 1.1.2 | 5.00 | 54.00 | 59.00 | OK | |
r-oldrel-macos-arm64 | 1.1.2 | 21.00 | OK | |||
r-oldrel-macos-x86_64 | 1.1.2 | 31.00 | OK | |||
r-oldrel-windows-x86_64 | 1.1.2 | 6.00 | 58.00 | 64.00 | OK |
Version: 1.1.2
Check: dependencies in R code
Result: NOTE
Namespace in Imports field not imported from: ‘PCovR’
All declared Imports should be used.
Flavors: r-devel-linux-x86_64-fedora-clang, r-devel-linux-x86_64-fedora-gcc