Last updated on 2025-10-25 05:50:00 CEST.
| Flavor | Version | Tinstall | Tcheck | Ttotal | Status | Flags |
|---|---|---|---|---|---|---|
| r-devel-linux-x86_64-debian-clang | 3.0.11 | 12.08 | 191.92 | 204.00 | NOTE | |
| r-devel-linux-x86_64-debian-gcc | 3.0.11 | 6.66 | 136.93 | 143.59 | NOTE | |
| r-devel-linux-x86_64-fedora-clang | 3.0.11 | 26.00 | 271.94 | 297.94 | OK | |
| r-devel-linux-x86_64-fedora-gcc | 3.0.11 | 42.00 | 294.46 | 336.46 | NOTE | |
| r-devel-windows-x86_64 | 3.0.11 | 13.00 | 202.00 | 215.00 | OK | |
| r-patched-linux-x86_64 | 3.0.11 | 11.77 | 183.90 | 195.67 | OK | |
| r-release-linux-x86_64 | 3.0.11 | 9.94 | 185.19 | 195.13 | OK | |
| r-release-macos-arm64 | 3.0.11 | 4.00 | 71.00 | 75.00 | OK | |
| r-release-macos-x86_64 | 3.0.11 | 10.00 | 260.00 | 270.00 | OK | |
| r-release-windows-x86_64 | 3.0.11 | 13.00 | 205.00 | 218.00 | OK | |
| r-oldrel-macos-arm64 | 3.0.11 | 6.00 | 88.00 | 94.00 | OK | |
| r-oldrel-macos-x86_64 | 3.0.11 | 11.00 | 196.00 | 207.00 | OK | |
| r-oldrel-windows-x86_64 | 3.0.11 | 18.00 | 255.00 | 273.00 | OK |
Version: 3.0.11
Check: Rd files
Result: NOTE
checkRd: (-1) setupYears.Rd:18-32: Only 3 columns allowed in this table (row 1 has 2)
checkRd: (-1) setupYears.Rd:18-32: Only 3 columns allowed in this table (row 2 has 2)
checkRd: (-1) setupYears.Rd:18-32: Only 3 columns allowed in this table (row 3 has 2)
checkRd: (-1) setupYears.Rd:18-32: Only 3 columns allowed in this table (row 4 has 2)
checkRd: (-1) setupYears.Rd:18-32: Only 3 columns allowed in this table (row 5 has 2)
checkRd: (-1) setupYears.Rd:18-32: Only 3 columns allowed in this table (row 6 has 2)
checkRd: (-1) setupYears.Rd:18-32: Only 3 columns allowed in this table (row 7 has 2)
checkRd: (-1) setupYears.Rd:18-32: Only 3 columns allowed in this table (row 8 has 2)
checkRd: (-1) setupYears.Rd:18-32: Only 3 columns allowed in this table (row 9 has 2)
checkRd: (-1) setupYears.Rd:18-32: Only 3 columns allowed in this table (row 10 has 2)
checkRd: (-1) setupYears.Rd:18-32: Only 3 columns allowed in this table (row 11 has 2)
Flavors: r-devel-linux-x86_64-debian-clang, r-devel-linux-x86_64-debian-gcc, r-devel-linux-x86_64-fedora-gcc