Last updated on 2025-11-04 04:49:30 CET.
| Flavor | Version | Tinstall | Tcheck | Ttotal | Status | Flags | 
|---|---|---|---|---|---|---|
| r-devel-linux-x86_64-debian-clang | 1.3 | 5.42 | 29.88 | 35.30 | NOTE | |
| r-devel-linux-x86_64-debian-gcc | 1.3 | 3.89 | 22.94 | 26.83 | NOTE | |
| r-devel-linux-x86_64-fedora-clang | 1.3 | 11.00 | 41.85 | 52.85 | OK | |
| r-devel-linux-x86_64-fedora-gcc | 1.3 | 12.00 | 37.97 | 49.97 | OK | |
| r-devel-windows-x86_64 | 1.3 | 6.00 | 54.00 | 60.00 | OK | |
| r-patched-linux-x86_64 | 1.3 | 4.94 | 28.37 | 33.31 | OK | |
| r-release-linux-x86_64 | 1.3 | 4.51 | 28.72 | 33.23 | OK | |
| r-release-macos-arm64 | 1.3 | 2.00 | 17.00 | 19.00 | OK | |
| r-release-macos-x86_64 | 1.3 | 5.00 | 28.00 | 33.00 | OK | |
| r-release-windows-x86_64 | 1.3 | 6.00 | 51.00 | 57.00 | OK | |
| r-oldrel-macos-arm64 | 1.3 | 2.00 | 17.00 | 19.00 | OK | |
| r-oldrel-macos-x86_64 | 1.3 | 4.00 | 24.00 | 28.00 | OK | |
| r-oldrel-windows-x86_64 | 1.3 | 7.00 | 52.00 | 59.00 | OK | 
Version: 1.3
Check: CRAN incoming feasibility
Result: NOTE
  Maintainer: ‘Wassim Youssef <Wassim.G.Youssef@gmail.com>’
  
  No Authors@R field in DESCRIPTION.
  Please add one, modifying
    Authors@R: c(person(given = "Jean-Charles",
                        family = "Croix",
                        role = "aut"),
                 person(given = "Thierry",
                        family = "Moudiki",
                        role = "aut"),
                 person(given = "Frédéric",
                        family = "Planchet",
                        role = "aut"),
                 person(given = "Wassim",
                        family = "Youssef",
                        role = c("aut", "cre"),
                        email = "wassim.g.youssef@gmail.com"))
  as necessary.
Flavors: r-devel-linux-x86_64-debian-clang, r-devel-linux-x86_64-debian-gcc