Last updated on 2024-08-25 05:49:20 CEST.
Flavor | Version | Tinstall | Tcheck | Ttotal | Status | Flags |
---|---|---|---|---|---|---|
r-devel-linux-x86_64-debian-clang | 0.2.0 | 32.36 | 195.95 | 228.31 | NOTE | |
r-devel-linux-x86_64-debian-gcc | 0.2.0 | 23.94 | 143.10 | 167.04 | NOTE | |
r-devel-linux-x86_64-fedora-clang | 0.2.0 | 365.82 | NOTE | |||
r-devel-linux-x86_64-fedora-gcc | 0.2.0 | 352.11 | NOTE | |||
r-devel-windows-x86_64 | 0.2.0 | 23.00 | 182.00 | 205.00 | NOTE | |
r-patched-linux-x86_64 | 0.2.0 | 27.55 | 189.12 | 216.67 | NOTE | |
r-release-linux-x86_64 | 0.2.0 | 30.82 | 188.86 | 219.68 | NOTE | |
r-release-macos-arm64 | 0.2.0 | 80.00 | NOTE | |||
r-release-macos-x86_64 | 0.2.0 | 123.00 | NOTE | |||
r-release-windows-x86_64 | 0.2.0 | 25.00 | 180.00 | 205.00 | NOTE | |
r-oldrel-macos-arm64 | 0.2.0 | 94.00 | NOTE | |||
r-oldrel-macos-x86_64 | 0.2.0 | 148.00 | NOTE | |||
r-oldrel-windows-x86_64 | 0.2.0 | 30.00 | 234.00 | 264.00 | NOTE |
Version: 0.2.0
Check: Rd files
Result: NOTE
checkRd: (-1) aic.Rd:25: Escaped LaTeX specials: \&
checkRd: (-1) aic.Rd:29: Escaped LaTeX specials: \&
checkRd: (-1) ictab.Rd:56: Escaped LaTeX specials: \&
checkRd: (-1) ictab.Rd:60: Escaped LaTeX specials: \&
checkRd: (-1) ictab.Rd:64: Escaped LaTeX specials: \&
Flavors: r-devel-linux-x86_64-debian-clang, r-devel-linux-x86_64-debian-gcc, r-devel-linux-x86_64-fedora-clang, r-devel-linux-x86_64-fedora-gcc, r-devel-windows-x86_64, r-patched-linux-x86_64, r-release-linux-x86_64, r-release-macos-arm64, r-release-macos-x86_64, r-release-windows-x86_64, r-oldrel-macos-arm64, r-oldrel-macos-x86_64, r-oldrel-windows-x86_64
Version: 0.2.0
Check: LazyData
Result: NOTE
'LazyData' is specified without a 'data' directory
Flavors: r-devel-linux-x86_64-debian-clang, r-devel-linux-x86_64-debian-gcc, r-devel-linux-x86_64-fedora-clang, r-devel-linux-x86_64-fedora-gcc, r-devel-windows-x86_64, r-patched-linux-x86_64, r-release-linux-x86_64, r-release-macos-arm64, r-release-macos-x86_64, r-release-windows-x86_64, r-oldrel-macos-arm64, r-oldrel-macos-x86_64, r-oldrel-windows-x86_64