Last updated on 2024-08-25 05:49:20 CEST.
Flavor | Version | Tinstall | Tcheck | Ttotal | Status | Flags |
---|---|---|---|---|---|---|
r-devel-linux-x86_64-debian-clang | 1.1.0 | 1790.15 | 250.52 | 2040.67 | OK | |
r-devel-linux-x86_64-debian-gcc | 1.1.0 | 1317.43 | 281.96 | 1599.39 | OK | |
r-devel-linux-x86_64-fedora-clang | 1.1.0 | 2739.43 | NOTE | |||
r-devel-linux-x86_64-fedora-gcc | 1.1.0 | 4116.09 | NOTE | |||
r-devel-windows-x86_64 | 1.1.0 | 1511.00 | 367.00 | 1878.00 | NOTE | |
r-patched-linux-x86_64 | 1.1.0 | 1854.76 | 369.65 | 2224.41 | OK | |
r-release-linux-x86_64 | 1.1.0 | 1816.41 | 368.98 | 2185.39 | OK | |
r-release-macos-arm64 | 1.1.0 | 748.00 | NOTE | |||
r-release-macos-x86_64 | 1.1.0 | 998.00 | NOTE | |||
r-release-windows-x86_64 | 1.1.0 | 1479.00 | 353.00 | 1832.00 | NOTE | |
r-oldrel-macos-arm64 | 1.1.0 | 1264.00 | NOTE | |||
r-oldrel-macos-x86_64 | 1.1.0 | 902.00 | NOTE | |||
r-oldrel-windows-x86_64 | 1.1.0 | 2053.00 | 467.00 | 2520.00 | NOTE |
Version: 1.1.0
Check: installed package size
Result: NOTE
installed size is 21.0Mb
sub-directories of 1Mb or more:
doc 3.5Mb
libs 16.4Mb
Flavors: r-devel-linux-x86_64-fedora-clang, r-devel-windows-x86_64, r-release-macos-arm64, r-release-macos-x86_64, r-release-windows-x86_64, r-oldrel-macos-arm64, r-oldrel-macos-x86_64, r-oldrel-windows-x86_64
Version: 1.1.0
Check: dependencies in R code
Result: NOTE
Namespaces in Imports field not imported from:
‘RcppParallel’ ‘rstantools’
All declared Imports should be used.
Flavors: r-devel-linux-x86_64-fedora-clang, r-devel-linux-x86_64-fedora-gcc
Version: 1.1.0
Check: for GNU extensions in Makefiles
Result: NOTE
GNU make is a SystemRequirements.
Flavors: r-devel-linux-x86_64-fedora-clang, r-devel-linux-x86_64-fedora-gcc, r-release-macos-arm64, r-release-macos-x86_64, r-oldrel-macos-arm64, r-oldrel-macos-x86_64