Last updated on 2025-02-22 04:51:10 CET.
Flavor | Version | Tinstall | Tcheck | Ttotal | Status | Flags |
---|---|---|---|---|---|---|
r-devel-linux-x86_64-debian-clang | 2.2 | 24.57 | 53.08 | 77.65 | OK | |
r-devel-linux-x86_64-debian-gcc | 2.2 | 17.02 | 40.28 | 57.30 | OK | |
r-devel-linux-x86_64-fedora-clang | 2.2 | 127.00 | NOTE | |||
r-devel-linux-x86_64-fedora-gcc | 2.2 | 148.55 | NOTE | |||
r-devel-macos-arm64 | 2.2 | 41.00 | OK | |||
r-devel-macos-x86_64 | 2.2 | 76.00 | OK | |||
r-devel-windows-x86_64 | 2.2 | 23.00 | 127.00 | 150.00 | OK | |
r-patched-linux-x86_64 | 2.2 | 23.75 | 51.18 | 74.93 | OK | |
r-release-linux-x86_64 | 2.2 | 25.06 | 51.08 | 76.14 | OK | |
r-release-macos-arm64 | 2.2 | 60.00 | OK | |||
r-release-macos-x86_64 | 2.2 | 83.00 | OK | |||
r-release-windows-x86_64 | 2.2 | 22.00 | 116.00 | 138.00 | OK | |
r-oldrel-macos-arm64 | 2.1.2 | 50.00 | OK | |||
r-oldrel-macos-x86_64 | 2.2 | 85.00 | OK | |||
r-oldrel-windows-x86_64 | 2.2 | 29.00 | 138.00 | 167.00 | OK |
Version: 2.2
Check: dependencies in R code
Result: NOTE
Namespace in Imports field not imported from: ‘Matrix’
All declared Imports should be used.
Flavors: r-devel-linux-x86_64-fedora-clang, r-devel-linux-x86_64-fedora-gcc