Last updated on 2024-08-25 05:49:20 CEST.
Flavor | Version | Tinstall | Tcheck | Ttotal | Status | Flags |
---|---|---|---|---|---|---|
r-devel-linux-x86_64-debian-clang | 2.8.1 | 62.11 | 413.59 | 475.70 | NOTE | |
r-devel-linux-x86_64-debian-gcc | 2.8.1 | 39.19 | 244.44 | 283.63 | NOTE | |
r-devel-linux-x86_64-fedora-clang | 2.8.1 | 780.69 | NOTE | |||
r-devel-linux-x86_64-fedora-gcc | 3.0.0 | 793.79 | OK | |||
r-devel-windows-x86_64 | 3.0.0 | 62.00 | 487.00 | 549.00 | NOTE | |
r-patched-linux-x86_64 | 2.8.1 | 76.50 | 386.34 | 462.84 | NOTE | |
r-release-linux-x86_64 | 2.8.1 | 53.18 | 386.54 | 439.72 | NOTE | |
r-release-macos-arm64 | 2.8.1 | 156.00 | NOTE | |||
r-release-macos-x86_64 | 2.8.1 | 252.00 | NOTE | |||
r-release-windows-x86_64 | 2.8.1 | 63.00 | 484.00 | 547.00 | NOTE | |
r-oldrel-macos-arm64 | 2.8.1 | 161.00 | NOTE | |||
r-oldrel-macos-x86_64 | 3.0.0 | 103.00 | ERROR | |||
r-oldrel-windows-x86_64 | 3.0.0 | 59.00 | 506.00 | 565.00 | NOTE |
Version: 2.8.1
Check: Rd files
Result: NOTE
checkRd: (-1) Olympic.NH4.df.Rd:35: Lost braces in \itemize; meant \describe ?
checkRd: (-1) Olympic.NH4.df.Rd:36: Lost braces in \itemize; meant \describe ?
checkRd: (-1) Olympic.NH4.df.Rd:37: Lost braces in \itemize; meant \describe ?
checkRd: (-1) Olympic.NH4.df.Rd:38: Lost braces in \itemize; meant \describe ?
checkRd: (-1) Olympic.NH4.df.Rd:39: Lost braces in \itemize; meant \describe ?
checkRd: (-1) Olympic.NH4.df.Rd:40: Lost braces in \itemize; meant \describe ?
checkRd: (-1) Olympic.NH4.df.Rd:41: Lost braces in \itemize; meant \describe ?
checkRd: (-1) Olympic.NH4.df.Rd:42: Lost braces in \itemize; meant \describe ?
checkRd: (-1) eqpois.Rd:200: Lost braces
200 | \code{\link{epois}}, \link[stats]{Poisson}, code{\link{estimate.object}}.
| ^
checkRd: (-1) plotPredIntLnormAltSimultaneousTestPowerCurve.Rd:77: Lost braces
77 | positive integer between \code{1} and code{r} specifying the number of future
| ^
Flavors: r-devel-linux-x86_64-debian-clang, r-devel-linux-x86_64-debian-gcc, r-devel-linux-x86_64-fedora-clang, r-patched-linux-x86_64, r-release-linux-x86_64, r-release-macos-arm64, r-release-macos-x86_64, r-release-windows-x86_64
Version: 2.8.1
Check: installed package size
Result: NOTE
installed size is 6.6Mb
sub-directories of 1Mb or more:
R 2.3Mb
help 3.6Mb
Flavors: r-devel-linux-x86_64-fedora-clang, r-release-macos-arm64, r-release-macos-x86_64, r-release-windows-x86_64, r-oldrel-macos-arm64
Version: 3.0.0
Check: installed package size
Result: NOTE
installed size is 6.6Mb
sub-directories of 1Mb or more:
R 2.3Mb
help 3.6Mb
Flavors: r-devel-windows-x86_64, r-oldrel-windows-x86_64
Version: 3.0.0
Check: whether package can be installed
Result: ERROR
Installation failed.
Flavor: r-oldrel-macos-x86_64