Last updated on 2025-11-16 04:48:33 CET.
| Flavor | Version | Tinstall | Tcheck | Ttotal | Status | Flags |
|---|---|---|---|---|---|---|
| r-devel-linux-x86_64-debian-clang | 2.4-2 | 7.10 | 93.27 | 100.37 | OK | |
| r-devel-linux-x86_64-debian-gcc | 2.4-2 | 5.32 | 69.14 | 74.46 | OK | |
| r-devel-linux-x86_64-fedora-clang | 2.4-2 | 15.00 | 156.38 | 171.38 | NOTE | |
| r-devel-linux-x86_64-fedora-gcc | 2.4-2 | 17.00 | 154.56 | 171.56 | NOTE | |
| r-devel-windows-x86_64 | 2.4-2 | 12.00 | 150.00 | 162.00 | OK | |
| r-patched-linux-x86_64 | 2.4-2 | 6.88 | 90.12 | 97.00 | OK | |
| r-release-linux-x86_64 | 2.4-2 | 6.57 | 90.68 | 97.25 | OK | |
| r-release-macos-arm64 | 2.4-2 | 3.00 | 51.00 | 54.00 | OK | |
| r-release-macos-x86_64 | 2.4-2 | 4.00 | 75.00 | 79.00 | OK | |
| r-release-windows-x86_64 | 2.4-2 | 9.00 | 154.00 | 163.00 | OK | |
| r-oldrel-macos-arm64 | 2.4-2 | 2.00 | 38.00 | 40.00 | OK | |
| r-oldrel-macos-x86_64 | 2.4-2 | 4.00 | 65.00 | 69.00 | OK | |
| r-oldrel-windows-x86_64 | 2.4-2 | 11.00 | 200.00 | 211.00 | OK |
Version: 2.4-2
Check: dependencies in R code
Result: NOTE
Namespace in Imports field not imported from: ‘tibble’
All declared Imports should be used.
Flavors: r-devel-linux-x86_64-fedora-clang, r-devel-linux-x86_64-fedora-gcc