Last updated on 2025-02-22 04:51:11 CET.
Flavor | Version | Tinstall | Tcheck | Ttotal | Status | Flags |
---|---|---|---|---|---|---|
r-devel-linux-x86_64-debian-clang | 0.1.1 | 14.86 | 133.17 | 148.03 | NOTE | |
r-devel-linux-x86_64-debian-gcc | 0.1.1 | 9.66 | 96.46 | 106.12 | NOTE | |
r-devel-linux-x86_64-fedora-clang | 0.1.1 | 233.49 | OK | |||
r-devel-linux-x86_64-fedora-gcc | 0.1.1 | 239.71 | OK | |||
r-devel-macos-arm64 | 0.1.1 | 66.00 | OK | |||
r-devel-macos-x86_64 | 0.1.1 | 133.00 | OK | |||
r-devel-windows-x86_64 | 0.1.1 | 16.00 | 132.00 | 148.00 | NOTE | |
r-patched-linux-x86_64 | 0.1.1 | 18.97 | 123.13 | 142.10 | OK | |
r-release-linux-x86_64 | 0.1.1 | 13.64 | 122.89 | 136.53 | OK | |
r-release-macos-arm64 | 0.1.1 | 67.00 | OK | |||
r-release-macos-x86_64 | 0.1.1 | 103.00 | OK | |||
r-release-windows-x86_64 | 0.1.1 | 16.00 | 131.00 | 147.00 | OK | |
r-oldrel-macos-arm64 | 0.1.1 | 73.00 | OK | |||
r-oldrel-macos-x86_64 | 0.1.1 | 146.00 | OK | |||
r-oldrel-windows-x86_64 | 0.1.1 | 20.00 | 167.00 | 187.00 | OK |
Version: 0.1.1
Check: Rd cross-references
Result: NOTE
Found the following Rd file(s) with Rd \link{} targets missing package
anchors:
DiscreteCovariatesToOneHot.Rd: dplyr_tidy_select
charlson_score.Rd: dplyr_data_masking
flatten_date_intervals.Rd: dplyr_tidy_select, dplyr_data_masking
lms.Rd: dplyr_data_masking
Please provide package anchors for all Rd \link{} targets not in the
package itself and the base packages.
Flavors: r-devel-linux-x86_64-debian-clang, r-devel-linux-x86_64-debian-gcc, r-devel-windows-x86_64