Last updated on 2024-08-25 05:49:20 CEST.
Flavor | Version | Tinstall | Tcheck | Ttotal | Status | Flags |
---|---|---|---|---|---|---|
r-devel-linux-x86_64-debian-clang | 1.1.7 | 30.07 | 65.07 | 95.14 | NOTE | |
r-devel-linux-x86_64-debian-gcc | 1.1.7 | 19.62 | 42.35 | 61.97 | NOTE | |
r-devel-linux-x86_64-fedora-clang | 1.1.7 | 151.43 | NOTE | |||
r-devel-linux-x86_64-fedora-gcc | 1.1.7 | 145.38 | OK | |||
r-devel-windows-x86_64 | 1.1.7 | 31.00 | 75.00 | 106.00 | NOTE | |
r-patched-linux-x86_64 | 1.1.7 | 33.55 | 55.68 | 89.23 | OK | |
r-release-linux-x86_64 | 1.1.7 | 30.65 | 55.01 | 85.66 | OK | |
r-release-macos-arm64 | 1.1.7 | 44.00 | OK | |||
r-release-macos-x86_64 | 1.1.7 | 54.00 | OK | |||
r-release-windows-x86_64 | 1.1.7 | 32.00 | 78.00 | 110.00 | OK | |
r-oldrel-macos-arm64 | 1.1.7 | 47.00 | OK | |||
r-oldrel-macos-x86_64 | 1.1.7 | 73.00 | OK | |||
r-oldrel-windows-x86_64 | 1.1.7 | 40.00 | 89.00 | 129.00 | OK |
Version: 1.1.7
Check: Rd cross-references
Result: NOTE
Found the following Rd file(s) with Rd \link{} targets missing package
anchors:
plot.epictmcmc.Rd: mcmc, plot.mcmc
summary.epictmcmc.Rd: mcmc
Please provide package anchors for all Rd \link{} targets not in the
package itself and the base packages.
Flavors: r-devel-linux-x86_64-debian-clang, r-devel-linux-x86_64-debian-gcc, r-devel-windows-x86_64
Version: 1.1.7
Check: installed package size
Result: NOTE
installed size is 5.2Mb
sub-directories of 1Mb or more:
libs 4.7Mb
Flavor: r-devel-linux-x86_64-fedora-clang