Last updated on 2025-10-26 04:48:33 CET.
| Flavor | Version | Tinstall | Tcheck | Ttotal | Status | Flags |
|---|---|---|---|---|---|---|
| r-devel-linux-x86_64-debian-clang | 0.1.0 | 3.81 | 56.20 | 60.01 | NOTE | |
| r-devel-linux-x86_64-debian-gcc | 0.1.0 | 2.68 | 38.04 | 40.72 | NOTE | |
| r-devel-linux-x86_64-fedora-clang | 0.1.0 | 93.55 | NOTE | |||
| r-devel-linux-x86_64-fedora-gcc | 0.1.0 | 90.61 | NOTE | |||
| r-devel-windows-x86_64 | 0.1.0 | 5.00 | 65.00 | 70.00 | NOTE | |
| r-patched-linux-x86_64 | 0.1.0 | 3.39 | 52.64 | 56.03 | NOTE | |
| r-release-linux-x86_64 | 0.1.0 | 3.85 | 54.35 | 58.20 | NOTE | |
| r-release-macos-arm64 | 0.1.0 | 2.00 | 24.00 | 26.00 | NOTE | |
| r-release-macos-x86_64 | 0.1.0 | 4.00 | 45.00 | 49.00 | NOTE | |
| r-release-windows-x86_64 | 0.1.0 | 6.00 | 70.00 | 76.00 | NOTE | |
| r-oldrel-macos-arm64 | 0.1.0 | 2.00 | 27.00 | 29.00 | NOTE | |
| r-oldrel-macos-x86_64 | 0.1.0 | 3.00 | 38.00 | 41.00 | NOTE | |
| r-oldrel-windows-x86_64 | 0.1.0 | 7.00 | 83.00 | 90.00 | NOTE |
Version: 0.1.0
Check: Rd files
Result: NOTE
checkRd: (-1) EEzGP_fit.Rd:50: Lost braces in \itemize; \value handles \item{}{} directly
checkRd: (-1) EEzGP_fit.Rd:51: Lost braces in \itemize; \value handles \item{}{} directly
checkRd: (-1) EEzGP_predict.Rd:19: Lost braces in \itemize; \value handles \item{}{} directly
checkRd: (-1) EEzGP_predict.Rd:20: Lost braces in \itemize; \value handles \item{}{} directly
checkRd: (-1) EzGP_fit.Rd:50: Lost braces in \itemize; \value handles \item{}{} directly
checkRd: (-1) EzGP_fit.Rd:51: Lost braces in \itemize; \value handles \item{}{} directly
checkRd: (-1) EzGP_predict.Rd:19: Lost braces in \itemize; \value handles \item{}{} directly
checkRd: (-1) EzGP_predict.Rd:20: Lost braces in \itemize; \value handles \item{}{} directly
checkRd: (-1) LEzGP_fit.Rd:59: Lost braces in \itemize; \value handles \item{}{} directly
checkRd: (-1) LEzGP_fit.Rd:60: Lost braces in \itemize; \value handles \item{}{} directly
checkRd: (-1) LLF_gradients.Rd:29: Lost braces in \itemize; \value handles \item{}{} directly
checkRd: (-1) LLF_gradients.Rd:30: Lost braces in \itemize; \value handles \item{}{} directly
Flavors: r-devel-linux-x86_64-debian-clang, r-devel-linux-x86_64-debian-gcc, r-devel-linux-x86_64-fedora-clang, r-devel-linux-x86_64-fedora-gcc, r-devel-windows-x86_64, r-patched-linux-x86_64, r-release-linux-x86_64, r-release-macos-arm64, r-release-macos-x86_64, r-release-windows-x86_64, r-oldrel-macos-arm64, r-oldrel-macos-x86_64, r-oldrel-windows-x86_64