Last updated on 2024-08-25 05:49:21 CEST.
Flavor | Version | Tinstall | Tcheck | Ttotal | Status | Flags |
---|---|---|---|---|---|---|
r-devel-linux-x86_64-debian-clang | 0.1.0 | 1.43 | 16.27 | 17.70 | OK | |
r-devel-linux-x86_64-debian-gcc | 0.1.0 | 1.19 | 13.21 | 14.40 | OK | |
r-devel-linux-x86_64-fedora-clang | 0.1.0 | 28.97 | NOTE | |||
r-devel-linux-x86_64-fedora-gcc | 0.1.0 | 28.18 | NOTE | |||
r-devel-windows-x86_64 | 0.1.0 | 3.00 | 37.00 | 40.00 | OK | |
r-patched-linux-x86_64 | 0.1.0 | 1.38 | 16.03 | 17.41 | OK | |
r-release-linux-x86_64 | 0.1.0 | 1.23 | 15.90 | 17.13 | OK | |
r-release-macos-arm64 | 0.1.0 | 15.00 | OK | |||
r-release-macos-x86_64 | 0.1.0 | 27.00 | OK | |||
r-release-windows-x86_64 | 0.1.0 | 3.00 | 36.00 | 39.00 | OK | |
r-oldrel-macos-arm64 | 0.1.0 | 21.00 | OK | |||
r-oldrel-macos-x86_64 | 0.1.0 | 19.00 | OK | |||
r-oldrel-windows-x86_64 | 0.1.0 | 3.00 | 40.00 | 43.00 | OK |
Version: 0.1.0
Check: dependencies in R code
Result: NOTE
Namespace in Imports field not imported from: ‘dplyr’
All declared Imports should be used.
Flavors: r-devel-linux-x86_64-fedora-clang, r-devel-linux-x86_64-fedora-gcc