Last updated on 2025-11-16 04:48:35 CET.
| Flavor | Version | Tinstall | Tcheck | Ttotal | Status | Flags |
|---|---|---|---|---|---|---|
| r-devel-linux-x86_64-debian-clang | 0.1.2 | 16.28 | 53.28 | 69.56 | NOTE | |
| r-devel-linux-x86_64-debian-gcc | 0.1.2 | 12.86 | 41.30 | 54.16 | NOTE | |
| r-devel-linux-x86_64-fedora-clang | 0.1.2 | 43.00 | 70.42 | 113.42 | NOTE | |
| r-devel-linux-x86_64-fedora-gcc | 0.1.2 | 35.00 | 73.62 | 108.62 | NOTE | |
| r-devel-windows-x86_64 | 0.1.2 | 23.00 | 85.00 | 108.00 | NOTE | |
| r-patched-linux-x86_64 | 0.1.2 | 18.15 | 50.49 | 68.64 | NOTE | |
| r-release-linux-x86_64 | 0.1.2 | 17.83 | 50.80 | 68.63 | NOTE | |
| r-release-macos-arm64 | 0.1.2 | 9.00 | 29.00 | 38.00 | NOTE | |
| r-release-macos-x86_64 | 0.1.2 | 13.00 | 46.00 | 59.00 | NOTE | |
| r-release-windows-x86_64 | 0.1.2 | 21.00 | 83.00 | 104.00 | NOTE | |
| r-oldrel-macos-arm64 | 0.1.2 | 9.00 | 26.00 | 35.00 | NOTE | |
| r-oldrel-macos-x86_64 | 0.1.2 | 12.00 | 39.00 | 51.00 | NOTE | |
| r-oldrel-windows-x86_64 | 0.1.2 | 27.00 | 100.00 | 127.00 | NOTE |
Version: 0.1.2
Check: CRAN incoming feasibility
Result: NOTE
Maintainer: ‘Rajen D. Shah <r.shah@statslab.cam.ac.uk>’
No Authors@R field in DESCRIPTION.
Please add one, modifying
Authors@R: c(person(given = c("Hyun", "Jik"),
family = "Kim",
role = "aut"),
person(given = c("Rajen", "D."),
family = "Shah",
role = c("aut", "cre"),
email = "r.shah@statslab.cam.ac.uk"))
as necessary.
Flavors: r-devel-linux-x86_64-debian-clang, r-devel-linux-x86_64-debian-gcc
Version: 0.1.2
Check: C++ specification
Result: NOTE
Specified C++11: please drop specification unless essential
Flavors: r-devel-linux-x86_64-debian-clang, r-devel-linux-x86_64-debian-gcc, r-devel-linux-x86_64-fedora-clang, r-devel-linux-x86_64-fedora-gcc, r-devel-windows-x86_64, r-patched-linux-x86_64, r-release-linux-x86_64, r-release-macos-arm64, r-release-macos-x86_64, r-release-windows-x86_64, r-oldrel-macos-arm64, r-oldrel-macos-x86_64, r-oldrel-windows-x86_64