Last updated on 2025-02-22 04:51:12 CET.
Flavor | Version | Tinstall | Tcheck | Ttotal | Status | Flags |
---|---|---|---|---|---|---|
r-devel-linux-x86_64-debian-clang | 0.2.1 | 18.51 | 96.93 | 115.44 | NOTE | |
r-devel-linux-x86_64-debian-gcc | 0.2.1 | 13.83 | 72.13 | 85.96 | NOTE | |
r-devel-linux-x86_64-fedora-clang | 0.2.1 | 190.14 | NOTE | |||
r-devel-linux-x86_64-fedora-gcc | 0.2.1 | 198.22 | NOTE | |||
r-devel-macos-arm64 | 0.2.1 | 59.00 | OK | |||
r-devel-macos-x86_64 | 0.2.1 | 136.00 | NOTE | |||
r-devel-windows-x86_64 | 0.2.1 | 24.00 | 133.00 | 157.00 | NOTE | |
r-patched-linux-x86_64 | 0.2.1 | 22.17 | 90.00 | 112.17 | OK | |
r-release-linux-x86_64 | 0.2.1 | 18.93 | 89.78 | 108.71 | OK | |
r-release-macos-arm64 | 0.2.1 | 60.00 | OK | |||
r-release-macos-x86_64 | 0.2.1 | 124.00 | OK | |||
r-release-windows-x86_64 | 0.2.1 | 22.00 | 132.00 | 154.00 | OK | |
r-oldrel-macos-arm64 | 0.2.1 | 69.00 | OK | |||
r-oldrel-macos-x86_64 | 0.2.1 | 152.00 | OK | |||
r-oldrel-windows-x86_64 | 0.2.1 | 24.00 | 162.00 | 186.00 | OK |
Version: 0.2.1
Check: DESCRIPTION meta-information
Result: NOTE
Missing dependency on R >= 4.2.0 because package code uses the pipe
placeholder syntax added in R 4.2.0.
File(s) using such syntax:
‘00.helpers.R’ ‘01.firm_register.R’ ‘02.FOandFM.R’ ‘03.people.R’
‘04.FF_either.R’ ‘05.network&graph.R’
Flavors: r-devel-linux-x86_64-debian-clang, r-devel-linux-x86_64-debian-gcc, r-devel-linux-x86_64-fedora-clang, r-devel-linux-x86_64-fedora-gcc, r-devel-windows-x86_64
Version: 0.2.1
Check: DESCRIPTION meta-information
Result: NOTE
Missing dependency on R >= 4.1.0 because package code uses the pipe
|> or function shorthand \(...) syntax added in R 4.1.0.
File(s) using such syntax:
‘00.helpers.R’ ‘01.firm_query.R’ ‘01.firm_register.R’ ‘02.FOandFM.R’
‘03.people.R’ ‘04.FF_both.R’ ‘04.FF_either.R’ ‘04.FF_methods.R’
‘05.1.graph_methods.R’ ‘05.1.network_methods.R’ ‘05.network&graph.R’
‘06.1.Fielder.R’
Flavor: r-devel-macos-x86_64